NOAA-Style Climate Reports

Select a Year or Month report
2024: Gen Feb Mar Apr Mag Giu Lug Ago Set Ott Nov Dic
2023: Gen Feb Mar Apr Mag Giu Lug Ago Set Ott Nov Dic
2022: Gen Feb Mar Apr Mag Giu Lug Ago Set Ott Nov Dic
2021: Gen Feb Mar Apr Mag Giu Lug Ago Set Ott Nov Dic
2020: Gen Feb Mar Apr Mag Giu Lug Ago Set Ott Nov Dic
2019: Gen Feb Mar Apr Mag Giu Lug Ago Set Ott Nov Dic
2018: Gen Feb Mar Apr Mag Giu Lug Ago Set Ott Nov Dic
2017: Gen Feb Mar Apr Mag Giu Lug Ago Set Ott Nov Dic
2016: Gen Feb Mar Apr Mag Giu Lug Ago Set Ott Nov Dic
2015: Gen Feb Mar Apr Mag Giu Lug Ago Set Ott Nov Dic
2014: Gen Feb Mar Apr Mag Giu Lug Ago Set Ott Nov Dic
2013: Gen Feb Mar Apr Mag Giu Lug Ago Set Ott Nov Dic
2012: Gen Feb Mar Apr Mag Giu Lug Ago Set Ott Nov Dic
2011: Gen Feb Mar Apr Mag Giu Lug Ago Set Ott Nov Dic
2010: Gen Feb Mar Apr Mag Giu Lug Ago Set Ott Nov Dic
2009: Gen Feb Mar Apr Mag Giu Lug Ago Set Ott Nov Dic
2008: Gen Feb Mar Apr Mag Giu Lug Ago Set Ott Nov Dic
2007: Gen Feb Mar Apr Mag Giu Lug Ago Set Ott Nov Dic
2024: Gen Feb Mar Apr Mag Giu Lug Ago Set Ott Nov Dic
2023: Gen Feb Mar Apr Mag Giu Lug Ago Set Ott Nov Dic
2022: Gen Feb Mar Apr Mag Giu Lug Ago Set Ott Nov Dic
2021: Gen Feb Mar Apr Mag Giu Lug Ago Set Ott Nov Dic
2020: Gen Feb Mar Apr Mag Giu Lug Ago Set Ott Nov Dic
2019: Gen Feb Mar Apr Mag Giu Lug Ago Set Ott Nov Dic
2018: Gen Feb Mar Apr Mag Giu Lug Ago Set Ott Nov Dic
2017: Gen Feb Mar Apr Mag Giu Lug Ago Set Ott Nov Dic
2016: Gen Feb Mar Apr Mag Giu Lug Ago Set Ott Nov Dic
2015: Gen Feb Mar Apr Mag Giu Lug Ago Set Ott Nov Dic
2014: Gen Feb Mar Apr Mag Giu Lug Ago Set Ott Nov Dic
2013: Gen Feb Mar Apr Mag Giu Lug Ago Set Ott Nov Dic
2012: Gen Feb Mar Apr Mag Giu Lug Ago Set Ott Nov Dic
2011: Gen Feb Mar Apr Mag Giu Lug Ago Set Ott Nov Dic
2010: Gen Feb Mar Apr Mag Giu Lug Ago Set Ott Nov Dic
2009: Gen Feb Mar Apr Mag Giu Lug Ago Set Ott Nov Dic
2008: Gen Feb Mar Apr Mag Giu Lug Ago Set Ott Nov Dic
2007: Gen Feb Mar Apr Mag Giu Lug Ago Set Ott Nov Dic
Report for 2016 Marzo
Monthly Climatological Summary for mar 2016 Name: ws2300.altervista.org/index.php City: Brancaleone (RC) State: Italy Elevation: 25 m Lat: N 37° 57' 41" Lon: E 016° 05' 58" Temperature (°C), Rain (mm), Wind Speed (m/s) Heat Cool Avg Mean Deg Deg Wind Dom Day Temp High Time Low Time Days Days Rain Speed High Time Dir ---------------------------------------------------------------------------------- 1 14,6 17,5 14:17 12,1 05:30 3,7 0,0 0,0 4,9 15,0 15:20 WSW 2 14,3 19,2 15:33 11,3 23:07 4,1 0,0 0,0 1,4 5,0 00:22 WNW 3 13,7 18,3 13:30 10,2 23:44 8,2 0,0 1,2 2,8 16,0 20:21 W 4 12,4 16,8 15:03 9,2 09:33 6,2 0,0 3,9 2,7 11,0 13:03 WNW 5 13,9 16,5 23:03 9,1 03:02 4,7 0,0 0,0 2,0 13,0 16:03 NW 6 16,5 18,7 16:03 14,4 06:33 1,8 0,0 0,0 1,6 5,0 00:03 NW 7 14,7 19,7 08:33 9,6 22:33 3,7 0,1 0,0 1,8 8,0 12:33 NW 8 12,3 16,6 08:33 8,3 06:03 6,1 0,0 0,0 1,2 7,0 12:33 WNW 9 12,9 17,1 09:33 9,9 00:09 5,4 0,0 0,0 1,1 10,0 12:33 NNW 10 12,4 16,5 08:02 0,0 00:00 6,5 0,0 3,9 1,7 9,0 11:32 NW 11 13,0 15,7 11:32 10,9 05:02 5,6 0,0 10,2 4,8 18,0 22:26 N 12 13,5 17,5 11:01 9,3 04:19 5,5 0,0 5,1 3,0 15,0 02:14 N 13 11,9 14,4 13:34 0,0 00:00 6,4 0,0 25,2 2,2 27,0 16:47 NW 14 14,0 19,7 11:37 10,2 06:26 3,1 0,0 2,1 1,5 5,0 10:40 NW 15 12,5 13,3 21:36 11,0 02:19 1,5 0,0 0,3 1,6 4,0 21:58 NW 16 13,5 15,8 14:34 11,1 03:55 5,5 0,0 31,5 2,4 9,0 19:23 NNW 17 15,0 20,6 14:12 10,9 05:38 3,8 0,1 8,7 2,3 14,0 01:38 NNW 18 13,8 20,2 14:40 10,8 05:55 4,6 0,0 2,1 1,0 4,0 07:36 WNW 19 15,4 21,5 14:28 10,2 05:00 3,4 0,4 0,0 ---- 5,0 10:42 WSW 20 15,4 18,4 10:51 10,7 05:14 2,8 0,0 0,0 ---- 11,0 15:04 NNW 21 17,5 20,9 15:01 15,3 04:16 1,3 0,5 0,0 ---- 15,0 13:52 NNW 22 17,4 21,2 11:22 14,5 05:25 1,1 0,2 0,0 ---- 13,0 18:48 NNW 23 16,8 19,3 13:05 15,1 23:44 1,5 0,0 0,9 ---- 17,0 11:24 NW 24 15,8 20,8 10:30 12,6 23:03 2,6 0,1 15,6 ---- 13,0 12:14 NW 25 13,0 16,5 13:53 10,2 21:38 5,3 0,0 2,1 ---- 9,0 00:36 NNW 26 14,5 20,1 09:04 9,5 03:07 3,2 0,0 0,0 ---- 9,0 13:23 WNW 27 15,2 21,1 17:59 9,6 07:21 3,1 0,1 0,0 ---- 5,0 14:51 WSW 28 15,5 20,3 11:46 11,3 02:20 2,8 0,1 0,0 ---- 8,0 13:33 NNW 29 17,0 22,1 11:52 12,9 04:52 1,9 0,7 0,0 ---- 5,0 23:41 W 30 15,9 17,1 01:55 13,4 05:55 1,1 0,0 0,0 ---- 7,0 22:59 WNW 31 17,0 18,9 21:00 15,7 01:19 0,3 0,0 0,0 ---- 7,0 21:00 WSW ---------------------------------------------------------------------------------- 14,6 22,1 29 0,0 10 116,8 2,3 112,8 2,4 27,0 13 NW Max >= 27,0: 0 Max <= 0,0: 0 Min <= 0,0: 2 Min <= 8,0: 2 Max Rain: 31,5 on day 16 Days of Rain: 14 (>= 0,2 mm) 11 (>= 2,0 mm) 2 (>= 20,0 mm) Heat Base: 18,3 Cool Base: 18,3 Method: Integration