NOAA-Style Climate Reports

Select a Year or Month report
2024: Gen Feb Mar Apr Mag Giu Lug Ago Set Ott Nov Dic
2023: Gen Feb Mar Apr Mag Giu Lug Ago Set Ott Nov Dic
2022: Gen Feb Mar Apr Mag Giu Lug Ago Set Ott Nov Dic
2021: Gen Feb Mar Apr Mag Giu Lug Ago Set Ott Nov Dic
2020: Gen Feb Mar Apr Mag Giu Lug Ago Set Ott Nov Dic
2019: Gen Feb Mar Apr Mag Giu Lug Ago Set Ott Nov Dic
2018: Gen Feb Mar Apr Mag Giu Lug Ago Set Ott Nov Dic
2017: Gen Feb Mar Apr Mag Giu Lug Ago Set Ott Nov Dic
2016: Gen Feb Mar Apr Mag Giu Lug Ago Set Ott Nov Dic
2015: Gen Feb Mar Apr Mag Giu Lug Ago Set Ott Nov Dic
2014: Gen Feb Mar Apr Mag Giu Lug Ago Set Ott Nov Dic
2013: Gen Feb Mar Apr Mag Giu Lug Ago Set Ott Nov Dic
2012: Gen Feb Mar Apr Mag Giu Lug Ago Set Ott Nov Dic
2011: Gen Feb Mar Apr Mag Giu Lug Ago Set Ott Nov Dic
2010: Gen Feb Mar Apr Mag Giu Lug Ago Set Ott Nov Dic
2009: Gen Feb Mar Apr Mag Giu Lug Ago Set Ott Nov Dic
2008: Gen Feb Mar Apr Mag Giu Lug Ago Set Ott Nov Dic
2007: Gen Feb Mar Apr Mag Giu Lug Ago Set Ott Nov Dic
2024: Gen Feb Mar Apr Mag Giu Lug Ago Set Ott Nov Dic
2023: Gen Feb Mar Apr Mag Giu Lug Ago Set Ott Nov Dic
2022: Gen Feb Mar Apr Mag Giu Lug Ago Set Ott Nov Dic
2021: Gen Feb Mar Apr Mag Giu Lug Ago Set Ott Nov Dic
2020: Gen Feb Mar Apr Mag Giu Lug Ago Set Ott Nov Dic
2019: Gen Feb Mar Apr Mag Giu Lug Ago Set Ott Nov Dic
2018: Gen Feb Mar Apr Mag Giu Lug Ago Set Ott Nov Dic
2017: Gen Feb Mar Apr Mag Giu Lug Ago Set Ott Nov Dic
2016: Gen Feb Mar Apr Mag Giu Lug Ago Set Ott Nov Dic
2015: Gen Feb Mar Apr Mag Giu Lug Ago Set Ott Nov Dic
2014: Gen Feb Mar Apr Mag Giu Lug Ago Set Ott Nov Dic
2013: Gen Feb Mar Apr Mag Giu Lug Ago Set Ott Nov Dic
2012: Gen Feb Mar Apr Mag Giu Lug Ago Set Ott Nov Dic
2011: Gen Feb Mar Apr Mag Giu Lug Ago Set Ott Nov Dic
2010: Gen Feb Mar Apr Mag Giu Lug Ago Set Ott Nov Dic
2009: Gen Feb Mar Apr Mag Giu Lug Ago Set Ott Nov Dic
2008: Gen Feb Mar Apr Mag Giu Lug Ago Set Ott Nov Dic
2007: Gen Feb Mar Apr Mag Giu Lug Ago Set Ott Nov Dic
Report for 2017 Gennaio
Monthly Climatological Summary for gen 2017 Name: ws2300.altervista.org/index.php City: Brancaleone (RC) State: Italy Elevation: 25 m Lat: N 37° 57' 41" Lon: E 016° 05' 58" Temperature (°C), Rain (mm), Wind Speed (m/s) Heat Cool Avg Mean Deg Deg Wind Dom Day Temp High Time Low Time Days Days Rain Speed High Time Dir ---------------------------------------------------------------------------------- 1 10,7 16,3 12:44 5,5 05:44 7,6 0,0 0,0 1,7 4,0 00:14 WNW 2 12,1 18,2 10:50 7,1 05:09 6,2 0,0 0,0 1,1 4,0 00:23 WNW 3 12,6 16,6 09:14 7,8 05:32 5,7 0,0 0,0 2,1 10,0 10:20 NW 4 13,3 18,2 15:13 8,9 21:43 5,0 0,0 0,0 1,6 7,0 00:27 NW 5 13,1 17,7 14:43 7,4 23:47 5,2 0,0 1,5 ---- 8,0 22:05 NW 6 5,5 11,7 09:58 2,6 21:52 12,8 0,0 3,0 ---- 13,0 11:11 NW 7 2,2 5,6 12:44 0,6 22:34 16,3 0,0 2,4 ---- 14,0 22:13 N 8 5,8 11,4 13:56 1,4 05:12 12,5 0,0 0,0 ---- 10,0 10:43 WNW 9 6,2 11,7 14:52 3,8 22:24 12,1 0,0 0,0 ---- 9,0 09:49 NNW 10 8,1 13,1 11:00 3,8 05:15 10,2 0,0 4,5 ---- 9,0 21:40 NW 11 7,5 8,3 22:13 6,6 07:49 10,8 0,0 9,9 ---- 11,0 06:30 NNW 12 10,5 16,5 14:42 5,7 04:10 7,8 0,0 0,3 ---- 5,0 22:22 NW 13 14,0 15,6 12:06 11,4 00:56 4,3 0,0 0,0 ---- 19,0 17:24 WSW 14 11,5 15,9 14:16 7,6 19:33 6,8 0,0 0,0 ---- 13,0 09:26 W ---------------------------------------------------------------------------------- 9,5 18,2 2 0,6 7 123,3 0,0 21,6 1,6 19,0 13 NW Max >= 27,0: 0 Max <= 0,0: 0 Min <= 0,0: 0 Min <= 8,0: 12 Max Rain: 9,9 on day 11 Days of Rain: 6 (>= 0,2 mm) 4 (>= 2,0 mm) 0 (>= 20,0 mm) Heat Base: 18,3 Cool Base: 18,3 Method: Integration