NOAA-Style Climate Reports

Select a Year or Month report
2024: Gen Feb Mar Apr Mag Giu Lug Ago Set Ott Nov Dic
2023: Gen Feb Mar Apr Mag Giu Lug Ago Set Ott Nov Dic
2022: Gen Feb Mar Apr Mag Giu Lug Ago Set Ott Nov Dic
2021: Gen Feb Mar Apr Mag Giu Lug Ago Set Ott Nov Dic
2020: Gen Feb Mar Apr Mag Giu Lug Ago Set Ott Nov Dic
2019: Gen Feb Mar Apr Mag Giu Lug Ago Set Ott Nov Dic
2018: Gen Feb Mar Apr Mag Giu Lug Ago Set Ott Nov Dic
2017: Gen Feb Mar Apr Mag Giu Lug Ago Set Ott Nov Dic
2016: Gen Feb Mar Apr Mag Giu Lug Ago Set Ott Nov Dic
2015: Gen Feb Mar Apr Mag Giu Lug Ago Set Ott Nov Dic
2014: Gen Feb Mar Apr Mag Giu Lug Ago Set Ott Nov Dic
2013: Gen Feb Mar Apr Mag Giu Lug Ago Set Ott Nov Dic
2012: Gen Feb Mar Apr Mag Giu Lug Ago Set Ott Nov Dic
2011: Gen Feb Mar Apr Mag Giu Lug Ago Set Ott Nov Dic
2010: Gen Feb Mar Apr Mag Giu Lug Ago Set Ott Nov Dic
2009: Gen Feb Mar Apr Mag Giu Lug Ago Set Ott Nov Dic
2008: Gen Feb Mar Apr Mag Giu Lug Ago Set Ott Nov Dic
2007: Gen Feb Mar Apr Mag Giu Lug Ago Set Ott Nov Dic
2024: Gen Feb Mar Apr Mag Giu Lug Ago Set Ott Nov Dic
2023: Gen Feb Mar Apr Mag Giu Lug Ago Set Ott Nov Dic
2022: Gen Feb Mar Apr Mag Giu Lug Ago Set Ott Nov Dic
2021: Gen Feb Mar Apr Mag Giu Lug Ago Set Ott Nov Dic
2020: Gen Feb Mar Apr Mag Giu Lug Ago Set Ott Nov Dic
2019: Gen Feb Mar Apr Mag Giu Lug Ago Set Ott Nov Dic
2018: Gen Feb Mar Apr Mag Giu Lug Ago Set Ott Nov Dic
2017: Gen Feb Mar Apr Mag Giu Lug Ago Set Ott Nov Dic
2016: Gen Feb Mar Apr Mag Giu Lug Ago Set Ott Nov Dic
2015: Gen Feb Mar Apr Mag Giu Lug Ago Set Ott Nov Dic
2014: Gen Feb Mar Apr Mag Giu Lug Ago Set Ott Nov Dic
2013: Gen Feb Mar Apr Mag Giu Lug Ago Set Ott Nov Dic
2012: Gen Feb Mar Apr Mag Giu Lug Ago Set Ott Nov Dic
2011: Gen Feb Mar Apr Mag Giu Lug Ago Set Ott Nov Dic
2010: Gen Feb Mar Apr Mag Giu Lug Ago Set Ott Nov Dic
2009: Gen Feb Mar Apr Mag Giu Lug Ago Set Ott Nov Dic
2008: Gen Feb Mar Apr Mag Giu Lug Ago Set Ott Nov Dic
2007: Gen Feb Mar Apr Mag Giu Lug Ago Set Ott Nov Dic
Report for 2015 Agosto
Monthly Climatological Summary for ago 2015 Name: ws2300.altervista.org/index.php City: Brancaleone (RC) State: Italy Elevation: 25 m Lat: N 37° 57' 41" Lon: E 016° 05' 58" Temperature (°C), Rain (mm), Wind Speed (m/s) Heat Cool Avg Mean Deg Deg Wind Dom Day Temp High Time Low Time Days Days Rain Speed High Time Dir ---------------------------------------------------------------------------------- 1 28,9 30,3 09.09 26,7 23.39 0,0 10,6 0,0 2,6 6,0 10.09 NE 2 28,8 32,3 12.30 25,7 05.09 3,2 10,3 0,0 1,9 8,0 16.00 SSW 3 29,7 33,5 14.00 26,4 06.00 0,0 11,4 0,0 2,1 7,0 11.00 S 4 28,7 31,1 14.30 26,7 05.00 0,0 10,4 0,3 2,1 7,0 10.30 NE 5 29,1 34,0 08.30 25,1 06.00 0,0 10,8 1,5 1,7 7,0 14.30 SSW 6 29,6 34,5 08.30 25,7 06.00 0,0 11,3 0,0 1,5 5,0 14.30 SW 7 29,6 32,4 08.30 26,1 00.30 0,0 11,3 0,0 2,0 8,0 13.30 NNW 8 29,0 31,5 08.00 25,7 02.00 0,0 10,7 0,0 2,9 14,0 17.00 NNW 9 28,7 32,3 11.00 25,9 23.00 0,0 10,4 0,0 2,1 8,0 15.00 NNW 10 28,8 33,1 12.00 25,0 03.30 0,0 10,6 0,0 2,1 9,0 19.00 NNW 11 28,6 32,7 13.29 25,2 23.59 0,0 12,4 0,0 2,2 12,0 15.17 NW 12 25,5 30,9 14.31 0,0 07.53 0,4 6,8 23,4 1,9 8,0 10.31 N 14 26,1 30,1 11.01 21,7 00.01 3,2 5,7 0,0 1,3 13,0 12.01 N 15 28,8 33,2 17.25 25,6 23.25 0,0 12,4 0,0 1,5 7,0 13.32 SW 16 28,1 34,4 08.27 24,1 05.29 0,0 10,7 0,0 2,8 13,0 12.56 SW 17 27,6 32,9 13.32 23,2 05.16 0,0 10,1 0,0 2,1 9,0 15.16 WSW 18 27,4 31,9 12.08 23,8 03.51 0,0 10,7 0,0 2,3 7,0 14.12 NW 19 27,6 30,9 15.52 23,5 02.54 0,0 9,9 0,0 2,3 8,0 15.56 SW 20 28,4 33,6 12.16 0,0 19.56 0,0 11,8 0,0 2,0 8,0 15.37 NW 21 27,6 31,1 08.19 0,0 00.00 0,0 10,0 0,0 1,8 6,0 10.09 W 22 27,4 31,1 17.03 23,6 04.25 0,0 9,9 0,0 2,0 8,0 12.49 SSW 23 26,3 30,0 13.55 0,0 12.09 0,0 9,0 0,0 2,3 7,0 16.34 SW 24 27,2 32,4 08.26 0,0 00.00 0,0 9,6 0,0 2,9 12,0 16.43 SSW 25 29,2 34,1 12.51 24,8 04.25 0,0 10,9 0,0 1,5 7,0 16.19 SSW 26 29,5 34,9 08.16 24,0 05.16 0,0 11,1 0,0 1,2 5,0 13.09 WSW 27 27,4 29,4 14.55 25,2 23.12 0,0 9,3 0,0 2,6 9,0 08.46 NNE 28 27,3 31,3 17.23 23,4 03.35 0,0 9,0 0,0 1,5 5,0 10.57 SSE 29 29,0 33,9 17.15 24,6 01.30 0,0 11,5 0,0 1,5 6,0 12.59 E 30 28,5 32,7 08.41 25,4 23.59 0,0 10,6 0,0 2,4 7,0 14.31 NE 31 28,3 33,5 12.21 23,9 01.32 0,0 9,8 0,0 1,4 4,0 04.54 SE ---------------------------------------------------------------------------------- 28,2 34,9 26 0,0 12 6,8 309,0 25,2 2,0 14,0 8 W Max >= 27,0: 30 Max <= 0,0: 0 Min <= 0,0: 5 Min <= 8,0: 5 Max Rain: 23,4 on day 12 Days of Rain: 3 (>= 0,2 mm) 1 (>= 2,0 mm) 1 (>= 20,0 mm) Heat Base: 18,3 Cool Base: 18,3 Method: Integration