NOAA-Style Climate Reports

Select a Year or Month report
2024: Gen Feb Mar Apr Mag Giu Lug Ago Set Ott Nov Dic
2023: Gen Feb Mar Apr Mag Giu Lug Ago Set Ott Nov Dic
2022: Gen Feb Mar Apr Mag Giu Lug Ago Set Ott Nov Dic
2021: Gen Feb Mar Apr Mag Giu Lug Ago Set Ott Nov Dic
2020: Gen Feb Mar Apr Mag Giu Lug Ago Set Ott Nov Dic
2019: Gen Feb Mar Apr Mag Giu Lug Ago Set Ott Nov Dic
2018: Gen Feb Mar Apr Mag Giu Lug Ago Set Ott Nov Dic
2017: Gen Feb Mar Apr Mag Giu Lug Ago Set Ott Nov Dic
2016: Gen Feb Mar Apr Mag Giu Lug Ago Set Ott Nov Dic
2015: Gen Feb Mar Apr Mag Giu Lug Ago Set Ott Nov Dic
2014: Gen Feb Mar Apr Mag Giu Lug Ago Set Ott Nov Dic
2013: Gen Feb Mar Apr Mag Giu Lug Ago Set Ott Nov Dic
2012: Gen Feb Mar Apr Mag Giu Lug Ago Set Ott Nov Dic
2011: Gen Feb Mar Apr Mag Giu Lug Ago Set Ott Nov Dic
2010: Gen Feb Mar Apr Mag Giu Lug Ago Set Ott Nov Dic
2009: Gen Feb Mar Apr Mag Giu Lug Ago Set Ott Nov Dic
2008: Gen Feb Mar Apr Mag Giu Lug Ago Set Ott Nov Dic
2007: Gen Feb Mar Apr Mag Giu Lug Ago Set Ott Nov Dic
2024: Gen Feb Mar Apr Mag Giu Lug Ago Set Ott Nov Dic
2023: Gen Feb Mar Apr Mag Giu Lug Ago Set Ott Nov Dic
2022: Gen Feb Mar Apr Mag Giu Lug Ago Set Ott Nov Dic
2021: Gen Feb Mar Apr Mag Giu Lug Ago Set Ott Nov Dic
2020: Gen Feb Mar Apr Mag Giu Lug Ago Set Ott Nov Dic
2019: Gen Feb Mar Apr Mag Giu Lug Ago Set Ott Nov Dic
2018: Gen Feb Mar Apr Mag Giu Lug Ago Set Ott Nov Dic
2017: Gen Feb Mar Apr Mag Giu Lug Ago Set Ott Nov Dic
2016: Gen Feb Mar Apr Mag Giu Lug Ago Set Ott Nov Dic
2015: Gen Feb Mar Apr Mag Giu Lug Ago Set Ott Nov Dic
2014: Gen Feb Mar Apr Mag Giu Lug Ago Set Ott Nov Dic
2013: Gen Feb Mar Apr Mag Giu Lug Ago Set Ott Nov Dic
2012: Gen Feb Mar Apr Mag Giu Lug Ago Set Ott Nov Dic
2011: Gen Feb Mar Apr Mag Giu Lug Ago Set Ott Nov Dic
2010: Gen Feb Mar Apr Mag Giu Lug Ago Set Ott Nov Dic
2009: Gen Feb Mar Apr Mag Giu Lug Ago Set Ott Nov Dic
2008: Gen Feb Mar Apr Mag Giu Lug Ago Set Ott Nov Dic
2007: Gen Feb Mar Apr Mag Giu Lug Ago Set Ott Nov Dic
Report for 2015 Giugnio
Monthly Climatological Summary for giu 2015 Name: ws2300.altervista.org/index.php City: Brancaleone (RC) State: Italy Elevation: 25 m Lat: N 37° 57' 41" Lon: E 016° 05' 58" Temperature (°C), Rain (mm), Wind Speed (m/s) Heat Cool Avg Mean Deg Deg Wind Dom Day Temp High Time Low Time Days Days Rain Speed High Time Dir ---------------------------------------------------------------------------------- 1 20,6 24,4 18.49 0,0 15.04 0,1 2,7 0,3 2,1 34,0 03.03 N 2 21,4 26,8 14.18 15,7 05.25 0,5 3,7 0,0 1,5 5,0 18.19 N 3 24,7 28,6 13.20 19,8 05.19 0,0 6,3 0,0 1,3 7,0 17.20 N 4 24,8 29,3 10.53 20,5 04.09 0,0 6,7 0,0 1,7 5,0 13.11 N 5 24,7 29,7 11.49 21,2 01.19 0,0 6,3 0,0 1,8 8,0 14.19 N 6 23,6 25,4 09.11 20,6 23.20 0,0 6,0 0,0 3,4 10,0 02.31 N 7 23,4 28,5 13.50 20,5 01.50 0,0 5,1 0,0 1,6 5,0 10.50 N 8 23,0 27,7 15.17 19,3 03.58 0,0 5,1 0,0 1,6 8,0 19.09 NNW 9 23,3 30,0 14.32 0,0 14.57 0,0 5,6 1,5 1,5 7,0 17.45 NW 10 23,7 28,7 07.44 0,0 00.00 0,0 5,6 0,0 1,7 8,0 17.44 NW 11 24,0 29,5 10.57 19,7 04.51 0,0 6,0 0,0 1,6 6,0 14.17 NW 12 24,5 28,8 14.48 0,0 23.12 0,0 6,5 0,0 2,0 8,0 18.39 NW 13 24,6 29,8 10.44 20,5 04.41 0,0 6,4 0,0 1,5 7,0 11.59 SSW 14 25,1 30,2 15.48 20,2 00.44 0,0 7,0 0,0 1,8 5,0 13.49 SW 15 25,2 30,3 17.10 20,4 04.15 0,0 7,0 0,0 2,4 9,0 16.43 SSW 16 26,4 31,1 15.36 21,3 05.12 0,0 8,6 0,0 1,1 5,0 11.54 WSW 17 25,9 30,5 15.50 22,3 22.50 0,0 8,3 0,0 1,6 5,0 21.20 SW 18 23,3 27,7 17.50 18,8 23.13 0,0 5,1 2,4 1,5 9,0 18.35 NNW 19 23,4 28,0 07.43 17,3 04.39 0,0 5,5 0,0 1,8 7,0 15.28 WSW 20 23,8 28,8 16.24 0,0 22.54 0,0 5,8 0,0 1,8 6,0 12.49 SW 21 22,4 24,3 18.08 0,0 11.13 3,2 4,5 1,2 2,6 11,0 09.06 N 22 24,0 29,1 09.37 18,8 05.08 0,0 6,3 0,0 1,6 7,0 14.09 SW 23 23,9 30,4 07.55 17,6 04.58 0,0 6,0 0,0 2,9 10,0 16.22 SSW 24 25,2 30,7 07.53 21,4 00.00 0,0 7,6 0,0 2,4 11,0 14.32 W 25 23,0 24,4 16.58 0,0 11.03 0,0 5,9 0,0 4,1 10,0 11.31 NNE 26 23,4 28,2 12.38 19,6 05.41 0,0 5,3 0,0 1,5 5,0 15.00 WNW 27 24,8 28,9 10.29 0,0 11.09 0,0 7,5 0,0 2,2 11,0 09.20 NNW 28 24,5 30,3 08.12 20,4 01.56 0,0 6,0 0,0 1,5 8,0 15.36 NNW 29 25,0 30,1 07.53 20,3 05.08 0,0 7,4 0,0 2,1 9,0 16.29 NNW 30 25,0 29,4 11.02 21,2 05.02 0,0 6,7 0,0 1,6 5,0 17.02 NW ---------------------------------------------------------------------------------- 24,0 31,1 16 0,0 1 3,8 182,5 5,4 2,0 34,0 1 NW Max >= 27,0: 25 Max <= 0,0: 0 Min <= 0,0: 8 Min <= 8,0: 8 Max Rain: 2,4 on day 18 Days of Rain: 4 (>= 0,2 mm) 1 (>= 2,0 mm) 0 (>= 20,0 mm) Heat Base: 18,3 Cool Base: 18,3 Method: Integration