NOAA-Style Climate Reports

Select a Year or Month report
2024: Gen Feb Mar Apr Mag Giu Lug Ago Set Ott Nov Dic
2023: Gen Feb Mar Apr Mag Giu Lug Ago Set Ott Nov Dic
2022: Gen Feb Mar Apr Mag Giu Lug Ago Set Ott Nov Dic
2021: Gen Feb Mar Apr Mag Giu Lug Ago Set Ott Nov Dic
2020: Gen Feb Mar Apr Mag Giu Lug Ago Set Ott Nov Dic
2019: Gen Feb Mar Apr Mag Giu Lug Ago Set Ott Nov Dic
2018: Gen Feb Mar Apr Mag Giu Lug Ago Set Ott Nov Dic
2017: Gen Feb Mar Apr Mag Giu Lug Ago Set Ott Nov Dic
2016: Gen Feb Mar Apr Mag Giu Lug Ago Set Ott Nov Dic
2015: Gen Feb Mar Apr Mag Giu Lug Ago Set Ott Nov Dic
2014: Gen Feb Mar Apr Mag Giu Lug Ago Set Ott Nov Dic
2013: Gen Feb Mar Apr Mag Giu Lug Ago Set Ott Nov Dic
2012: Gen Feb Mar Apr Mag Giu Lug Ago Set Ott Nov Dic
2011: Gen Feb Mar Apr Mag Giu Lug Ago Set Ott Nov Dic
2010: Gen Feb Mar Apr Mag Giu Lug Ago Set Ott Nov Dic
2009: Gen Feb Mar Apr Mag Giu Lug Ago Set Ott Nov Dic
2008: Gen Feb Mar Apr Mag Giu Lug Ago Set Ott Nov Dic
2007: Gen Feb Mar Apr Mag Giu Lug Ago Set Ott Nov Dic
2024: Gen Feb Mar Apr Mag Giu Lug Ago Set Ott Nov Dic
2023: Gen Feb Mar Apr Mag Giu Lug Ago Set Ott Nov Dic
2022: Gen Feb Mar Apr Mag Giu Lug Ago Set Ott Nov Dic
2021: Gen Feb Mar Apr Mag Giu Lug Ago Set Ott Nov Dic
2020: Gen Feb Mar Apr Mag Giu Lug Ago Set Ott Nov Dic
2019: Gen Feb Mar Apr Mag Giu Lug Ago Set Ott Nov Dic
2018: Gen Feb Mar Apr Mag Giu Lug Ago Set Ott Nov Dic
2017: Gen Feb Mar Apr Mag Giu Lug Ago Set Ott Nov Dic
2016: Gen Feb Mar Apr Mag Giu Lug Ago Set Ott Nov Dic
2015: Gen Feb Mar Apr Mag Giu Lug Ago Set Ott Nov Dic
2014: Gen Feb Mar Apr Mag Giu Lug Ago Set Ott Nov Dic
2013: Gen Feb Mar Apr Mag Giu Lug Ago Set Ott Nov Dic
2012: Gen Feb Mar Apr Mag Giu Lug Ago Set Ott Nov Dic
2011: Gen Feb Mar Apr Mag Giu Lug Ago Set Ott Nov Dic
2010: Gen Feb Mar Apr Mag Giu Lug Ago Set Ott Nov Dic
2009: Gen Feb Mar Apr Mag Giu Lug Ago Set Ott Nov Dic
2008: Gen Feb Mar Apr Mag Giu Lug Ago Set Ott Nov Dic
2007: Gen Feb Mar Apr Mag Giu Lug Ago Set Ott Nov Dic
Report for 2014 Dicembre
Monthly Climatological Summary for dic 2014 Name: ws2300.altervista.org/index.php City: Brancaleone (RC) State: Italy Elevation: 25 m Lat: N 37° 57' 41" Lon: E 016° 05' 58" Temperature (°C), Rain (mm), Wind Speed (m/s) Heat Cool Avg Mean Deg Deg Wind Dom Day Temp High Time Low Time Days Days Rain Speed High Time Dir ---------------------------------------------------------------------------------- 1 19,0 21,3 14.05 16,6 05.05 0,3 1,0 0,0 4,6 10,0 15.05 W 2 19,2 21,6 11.35 17,8 22.05 0,1 1,0 0,0 5,8 9,0 12.35 SW 3 16,7 21,2 08.35 13,8 23.51 1,8 0,2 1,8 1,6 9,0 09.35 SW 4 16,7 20,5 14.22 12,4 05.58 1,9 0,3 0,0 2,7 8,0 13.41 WSW 5 16,6 20,5 14.12 12,6 19.25 1,9 0,3 3,6 3,5 17,0 15.33 SW 7 16,6 20,8 08.44 12,3 00.52 6,0 0,5 0,0 2,3 10,0 10.48 WSW 9 14,7 20,7 10.48 11,5 03.30 8,8 0,1 7,5 2,2 7,0 17.16 NW 10 13,6 16,5 12.17 11,9 05.54 4,7 0,0 0,0 7,0 17,0 17.39 N 11 13,4 17,3 11.36 11,0 21.18 4,9 0,0 0,0 2,8 8,0 12.19 N 12 14,4 20,1 13.56 9,8 02.25 4,0 0,2 0,0 1,9 6,0 04.14 W 14 14,6 17,2 08.54 12,8 06.47 5,6 0,0 0,0 2,1 5,0 07.27 WSW 18 15,9 18,0 14.21 14,1 23.18 5,8 0,0 2,7 2,9 11,0 22.35 SW 21 15,1 17,3 15.41 13,3 06.56 5,4 0,0 0,0 6,7 12,0 22.28 N 22 14,6 18,8 09.06 11,5 07.38 3,7 0,0 0,0 3,0 12,0 00.13 WNW 23 14,1 18,4 12.56 9,5 06.08 4,2 0,0 0,0 2,6 9,0 12.05 WSW 24 14,9 23,2 09.57 10,4 03.04 3,8 0,4 0,0 1,6 5,0 14.09 NNW 25 15,2 21,5 09.59 11,0 04.39 3,2 0,1 0,0 2,1 6,0 13.21 NNW 26 14,9 19,2 10.21 11,8 22.10 6,6 0,0 0,3 2,6 9,0 22.31 NW 27 12,0 16,1 14.29 8,9 19.08 6,3 0,0 0,3 3,1 12,0 23.18 NNW 28 14,4 16,1 15.41 12,2 22.11 4,0 0,0 6,6 13,6 22,0 14.36 NNW 29 9,3 14,6 08.32 6,4 18.15 13,5 0,0 7,2 4,4 10,0 09.50 NNW 30 7,2 10,2 12.37 2,7 23.56 14,2 0,0 0,0 2,8 12,0 01.20 NW 31 4,9 8,2 23.00 2,7 00.00 13,4 0,0 0,0 2,4 17,0 23.02 N ---------------------------------------------------------------------------------- 14,3 23,2 24 2,7 30 124,1 4,1 30,0 3,2 22,0 28 NW Max >= 27,0: 0 Max <= 0,0: 0 Min <= 0,0: 0 Min <= 8,0: 3 Max Rain: 7,5 on day 9 Days of Rain: 8 (>= 0,2 mm) 5 (>= 2,0 mm) 0 (>= 20,0 mm) Heat Base: 18,3 Cool Base: 18,3 Method: Integration