NOAA-Style Climate Reports

Select a Year or Month report
2024: Gen Feb Mar Apr Mag Giu Lug Ago Set Ott Nov Dic
2023: Gen Feb Mar Apr Mag Giu Lug Ago Set Ott Nov Dic
2022: Gen Feb Mar Apr Mag Giu Lug Ago Set Ott Nov Dic
2021: Gen Feb Mar Apr Mag Giu Lug Ago Set Ott Nov Dic
2020: Gen Feb Mar Apr Mag Giu Lug Ago Set Ott Nov Dic
2019: Gen Feb Mar Apr Mag Giu Lug Ago Set Ott Nov Dic
2018: Gen Feb Mar Apr Mag Giu Lug Ago Set Ott Nov Dic
2017: Gen Feb Mar Apr Mag Giu Lug Ago Set Ott Nov Dic
2016: Gen Feb Mar Apr Mag Giu Lug Ago Set Ott Nov Dic
2015: Gen Feb Mar Apr Mag Giu Lug Ago Set Ott Nov Dic
2014: Gen Feb Mar Apr Mag Giu Lug Ago Set Ott Nov Dic
2013: Gen Feb Mar Apr Mag Giu Lug Ago Set Ott Nov Dic
2012: Gen Feb Mar Apr Mag Giu Lug Ago Set Ott Nov Dic
2011: Gen Feb Mar Apr Mag Giu Lug Ago Set Ott Nov Dic
2010: Gen Feb Mar Apr Mag Giu Lug Ago Set Ott Nov Dic
2009: Gen Feb Mar Apr Mag Giu Lug Ago Set Ott Nov Dic
2008: Gen Feb Mar Apr Mag Giu Lug Ago Set Ott Nov Dic
2007: Gen Feb Mar Apr Mag Giu Lug Ago Set Ott Nov Dic
2024: Gen Feb Mar Apr Mag Giu Lug Ago Set Ott Nov Dic
2023: Gen Feb Mar Apr Mag Giu Lug Ago Set Ott Nov Dic
2022: Gen Feb Mar Apr Mag Giu Lug Ago Set Ott Nov Dic
2021: Gen Feb Mar Apr Mag Giu Lug Ago Set Ott Nov Dic
2020: Gen Feb Mar Apr Mag Giu Lug Ago Set Ott Nov Dic
2019: Gen Feb Mar Apr Mag Giu Lug Ago Set Ott Nov Dic
2018: Gen Feb Mar Apr Mag Giu Lug Ago Set Ott Nov Dic
2017: Gen Feb Mar Apr Mag Giu Lug Ago Set Ott Nov Dic
2016: Gen Feb Mar Apr Mag Giu Lug Ago Set Ott Nov Dic
2015: Gen Feb Mar Apr Mag Giu Lug Ago Set Ott Nov Dic
2014: Gen Feb Mar Apr Mag Giu Lug Ago Set Ott Nov Dic
2013: Gen Feb Mar Apr Mag Giu Lug Ago Set Ott Nov Dic
2012: Gen Feb Mar Apr Mag Giu Lug Ago Set Ott Nov Dic
2011: Gen Feb Mar Apr Mag Giu Lug Ago Set Ott Nov Dic
2010: Gen Feb Mar Apr Mag Giu Lug Ago Set Ott Nov Dic
2009: Gen Feb Mar Apr Mag Giu Lug Ago Set Ott Nov Dic
2008: Gen Feb Mar Apr Mag Giu Lug Ago Set Ott Nov Dic
2007: Gen Feb Mar Apr Mag Giu Lug Ago Set Ott Nov Dic
Report for 2014 Luglio
Monthly Climatological Summary for lug 2014 Name: ws2300.altervista.org/index.php City: Brancaleone (RC) State: Italy Elevation: 25 m Lat: N 37° 57' 41" Lon: E 016° 05' 58" Temperature (°C), Rain (mm), Wind Speed (m/s) Heat Cool Avg Mean Deg Deg Wind Dom Day Temp High Time Low Time Days Days Rain Speed High Time Dir ---------------------------------------------------------------------------------- 1 25,1 29,1 10.03 21,0 23.57 0,0 6,8 0,0 2,5 5,0 13.07 ENE 2 24,4 28,6 07.51 19,4 05.01 0,0 6,1 0,0 4,0 10,0 16.56 S 3 26,4 31,2 08.08 22,1 05.38 0,0 8,6 0,0 1,9 5,0 10.35 NE 4 27,6 30,7 09.59 22,6 23.45 0,0 10,1 0,0 2,5 5,0 02.52 E 5 25,3 29,5 18.50 20,9 05.40 0,0 7,0 0,0 3,5 9,0 08.57 S 6 27,2 31,2 08.21 22,6 05.47 0,0 9,3 0,0 3,3 7,0 09.48 SSW 7 26,8 31,0 13.01 23,0 03.16 0,0 8,5 0,0 3,3 9,0 17.18 S 8 26,9 31,7 09.17 23,3 01.47 0,0 8,6 0,0 2,7 11,0 07.47 SSW 9 26,9 31,2 09.16 22,8 05.46 0,0 8,7 0,0 2,3 6,0 18.01 E 10 25,5 28,1 11.59 21,9 04.04 0,0 7,1 0,0 3,7 11,0 12.12 S 11 24,9 30,3 18.50 21,1 05.01 0,0 6,7 0,0 2,8 9,0 12.31 ENE 12 25,3 29,2 09.15 21,1 03.37 0,0 7,0 0,0 3,5 8,0 16.47 SSW 13 25,9 30,2 15.34 21,1 04.16 0,0 7,6 0,0 2,3 7,0 16.09 SE 14 26,1 30,7 16.10 22,3 04.48 0,0 7,8 0,0 3,1 9,0 16.35 S 15 25,0 29,7 11.07 21,6 03.51 0,0 6,7 0,3 2,0 7,0 11.55 SE 16 25,9 30,3 17.28 21,4 04.31 0,0 7,5 0,0 2,2 7,0 13.57 S 17 27,2 31,7 18.39 22,4 05.20 0,0 9,1 0,0 2,2 6,0 16.31 S 18 28,0 32,1 17.55 23,1 05.06 0,0 10,4 0,0 2,5 8,0 12.57 S 19 28,1 31,7 12.08 23,8 04.45 3,2 9,8 0,0 2,3 8,0 14.12 S 20 28,6 31,7 15.09 25,2 00.19 3,2 7,0 0,0 3,8 9,0 10.48 S 21 27,9 32,7 08.03 23,7 05.30 3,2 7,2 0,0 2,1 9,0 10.33 SE 22 26,8 31,2 12.31 24,3 22.48 0,0 8,7 0,0 3,9 13,0 12.32 S 23 25,7 30,6 17.07 23,2 06.28 0,0 7,1 0,0 3,3 12,0 11.39 E 24 26,6 31,0 07.52 21,8 04.44 0,0 7,7 0,0 2,4 7,0 18.15 SSW 25 26,4 31,7 07.43 22,0 05.23 0,0 8,0 0,0 3,3 9,0 19.09 SSW 26 26,9 30,7 13.08 22,5 04.34 0,0 8,4 0,0 4,0 11,0 23.18 SSW 27 27,7 32,6 16.57 23,2 05.43 0,0 9,2 0,0 3,0 12,0 02.26 SSW 28 26,7 31,1 13.01 22,7 05.55 0,0 8,4 0,0 2,8 7,0 13.23 S 29 26,5 30,4 13.20 21,8 04.48 0,0 8,2 0,0 3,1 8,0 19.35 S 30 27,1 30,4 17.51 24,1 06.11 0,0 8,8 0,0 4,6 11,0 16.04 S 31 26,4 30,6 16.38 22,4 04.55 0,0 8,1 0,0 2,9 10,0 19.36 E ---------------------------------------------------------------------------------- 26,5 32,7 21 19,4 2 9,6 250,2 0,3 3,0 13,0 22 S Max >= 27,0: 31 Max <= 0,0: 0 Min <= 0,0: 0 Min <= 8,0: 0 Max Rain: 0,3 on day 15 Days of Rain: 1 (>= 0,2 mm) 0 (>= 2,0 mm) 0 (>= 20,0 mm) Heat Base: 18,3 Cool Base: 18,3 Method: Integration