NOAA-Style Climate Reports

Select a Year or Month report
2024: Gen Feb Mar Apr Mag Giu Lug Ago Set Ott Nov Dic
2023: Gen Feb Mar Apr Mag Giu Lug Ago Set Ott Nov Dic
2022: Gen Feb Mar Apr Mag Giu Lug Ago Set Ott Nov Dic
2021: Gen Feb Mar Apr Mag Giu Lug Ago Set Ott Nov Dic
2020: Gen Feb Mar Apr Mag Giu Lug Ago Set Ott Nov Dic
2019: Gen Feb Mar Apr Mag Giu Lug Ago Set Ott Nov Dic
2018: Gen Feb Mar Apr Mag Giu Lug Ago Set Ott Nov Dic
2017: Gen Feb Mar Apr Mag Giu Lug Ago Set Ott Nov Dic
2016: Gen Feb Mar Apr Mag Giu Lug Ago Set Ott Nov Dic
2015: Gen Feb Mar Apr Mag Giu Lug Ago Set Ott Nov Dic
2014: Gen Feb Mar Apr Mag Giu Lug Ago Set Ott Nov Dic
2013: Gen Feb Mar Apr Mag Giu Lug Ago Set Ott Nov Dic
2012: Gen Feb Mar Apr Mag Giu Lug Ago Set Ott Nov Dic
2011: Gen Feb Mar Apr Mag Giu Lug Ago Set Ott Nov Dic
2010: Gen Feb Mar Apr Mag Giu Lug Ago Set Ott Nov Dic
2009: Gen Feb Mar Apr Mag Giu Lug Ago Set Ott Nov Dic
2008: Gen Feb Mar Apr Mag Giu Lug Ago Set Ott Nov Dic
2007: Gen Feb Mar Apr Mag Giu Lug Ago Set Ott Nov Dic
2024: Gen Feb Mar Apr Mag Giu Lug Ago Set Ott Nov Dic
2023: Gen Feb Mar Apr Mag Giu Lug Ago Set Ott Nov Dic
2022: Gen Feb Mar Apr Mag Giu Lug Ago Set Ott Nov Dic
2021: Gen Feb Mar Apr Mag Giu Lug Ago Set Ott Nov Dic
2020: Gen Feb Mar Apr Mag Giu Lug Ago Set Ott Nov Dic
2019: Gen Feb Mar Apr Mag Giu Lug Ago Set Ott Nov Dic
2018: Gen Feb Mar Apr Mag Giu Lug Ago Set Ott Nov Dic
2017: Gen Feb Mar Apr Mag Giu Lug Ago Set Ott Nov Dic
2016: Gen Feb Mar Apr Mag Giu Lug Ago Set Ott Nov Dic
2015: Gen Feb Mar Apr Mag Giu Lug Ago Set Ott Nov Dic
2014: Gen Feb Mar Apr Mag Giu Lug Ago Set Ott Nov Dic
2013: Gen Feb Mar Apr Mag Giu Lug Ago Set Ott Nov Dic
2012: Gen Feb Mar Apr Mag Giu Lug Ago Set Ott Nov Dic
2011: Gen Feb Mar Apr Mag Giu Lug Ago Set Ott Nov Dic
2010: Gen Feb Mar Apr Mag Giu Lug Ago Set Ott Nov Dic
2009: Gen Feb Mar Apr Mag Giu Lug Ago Set Ott Nov Dic
2008: Gen Feb Mar Apr Mag Giu Lug Ago Set Ott Nov Dic
2007: Gen Feb Mar Apr Mag Giu Lug Ago Set Ott Nov Dic
Report for 2013 Dicembre
Monthly Climatological Summary for dic 2013 Name: ws2300.altervista.org/index.php City: Brancaleone (RC) State: Italy Elevation: 25 m Lat: N 37° 57' 41" Lon: E 016° 05' 58" Temperature (°C), Rain (mm), Wind Speed (m/s) Heat Cool Avg Mean Deg Deg Wind Dom Day Temp High Time Low Time Days Days Rain Speed High Time Dir ---------------------------------------------------------------------------------- 1 15,7 20,7 11.15 12,4 05.08 2,6 0,1 19,5 5,2 14,0 12.14 SW 2 16,6 19,4 12.33 13,9 21.01 1,8 0,1 0,0 3,8 11,0 00.08 SW 3 13,3 15,6 00.08 10,8 07.38 5,2 0,0 18,3 4,7 15,0 08.17 NNE 4 13,6 16,5 13.00 9,7 22.38 4,3 0,0 1,2 4,7 11,0 00.09 NE 5 13,8 18,4 09.47 9,1 07.08 4,5 0,0 0,0 2,9 7,0 14.35 SW 6 13,9 19,7 13.32 10,0 06.39 4,4 0,0 0,0 2,0 4,0 10.22 NW 7 15,2 22,9 09.47 10,0 01.08 3,5 0,3 0,0 4,2 11,0 17.39 NE 8 13,4 18,7 13.28 10,8 21.08 5,0 0,0 0,0 2,3 5,0 15.23 NW 9 14,3 18,4 11.11 9,7 05.08 7,2 0,0 0,0 3,6 10,0 12.48 SW 10 15,3 19,1 14.15 12,5 19.28 3,0 0,0 0,0 2,6 8,0 10.11 N 11 14,2 16,5 12.37 11,9 06.38 4,1 0,0 0,0 4,5 10,0 13.30 NNE 12 13,6 19,2 12.58 9,8 23.25 4,6 0,0 0,0 1,4 3,0 12.47 W 14 15,5 21,9 09.42 11,8 23.43 3,1 0,2 0,0 2,2 5,0 02.42 WNW 15 13,7 18,0 09.13 10,0 05.13 4,7 0,0 0,0 2,4 8,0 11.43 WSW 16 13,7 19,7 10.37 10,4 20.12 4,7 0,1 0,0 1,6 4,0 06.42 NNW 17 13,8 18,2 11.42 10,5 00.12 4,4 0,0 0,0 3,9 9,0 13.48 N 18 12,3 18,6 13.49 8,5 06.12 8,6 0,0 0,0 1,7 5,0 00.12 NW 20 13,7 15,2 13.31 12,7 05.03 3,0 0,0 0,0 1,6 8,0 11.35 N 22 13,3 15,5 09.52 11,5 03.48 5,0 0,0 0,0 2,8 6,0 10.07 NNW 23 13,1 15,8 13.46 11,5 06.13 5,2 0,0 0,0 3,0 7,0 14.13 N 24 12,6 13,6 03.58 10,9 06.22 1,8 0,0 0,0 3,7 4,0 01.19 WNW 25 15,1 16,1 21.32 0,0 21.32 0,3 0,0 3,0 3,4 12,0 23.27 SSW 26 14,1 16,8 10.31 10,1 23.44 4,2 0,0 9,0 8,3 17,0 10.58 SSW 28 14,1 17,6 13.51 0,0 11.22 2,2 0,0 12,0 2,3 5,0 11.25 SW 29 14,0 20,5 13.00 9,7 04.07 4,4 0,1 0,0 1,8 5,0 07.26 NW 30 14,0 19,4 08.54 10,9 05.14 4,3 0,0 0,0 1,3 3,0 01.26 WNW 31 11,1 13,6 00.00 9,6 17.28 7,2 0,0 27,6 2,9 8,0 11.32 NNW ---------------------------------------------------------------------------------- 14,0 22,9 7 0,0 25 113,3 0,9 90,6 3,1 17,0 26 WNW Max >= 27,0: 0 Max <= 0,0: 0 Min <= 0,0: 2 Min <= 8,0: 2 Max Rain: 27,6 on day 31 Days of Rain: 7 (>= 0,2 mm) 6 (>= 2,0 mm) 1 (>= 20,0 mm) Heat Base: 18,3 Cool Base: 18,3 Method: Integration