NOAA-Style Climate Reports

Select a Year or Month report
2024: Gen Feb Mar Apr Mag Giu Lug Ago Set Ott Nov Dic
2023: Gen Feb Mar Apr Mag Giu Lug Ago Set Ott Nov Dic
2022: Gen Feb Mar Apr Mag Giu Lug Ago Set Ott Nov Dic
2021: Gen Feb Mar Apr Mag Giu Lug Ago Set Ott Nov Dic
2020: Gen Feb Mar Apr Mag Giu Lug Ago Set Ott Nov Dic
2019: Gen Feb Mar Apr Mag Giu Lug Ago Set Ott Nov Dic
2018: Gen Feb Mar Apr Mag Giu Lug Ago Set Ott Nov Dic
2017: Gen Feb Mar Apr Mag Giu Lug Ago Set Ott Nov Dic
2016: Gen Feb Mar Apr Mag Giu Lug Ago Set Ott Nov Dic
2015: Gen Feb Mar Apr Mag Giu Lug Ago Set Ott Nov Dic
2014: Gen Feb Mar Apr Mag Giu Lug Ago Set Ott Nov Dic
2013: Gen Feb Mar Apr Mag Giu Lug Ago Set Ott Nov Dic
2012: Gen Feb Mar Apr Mag Giu Lug Ago Set Ott Nov Dic
2011: Gen Feb Mar Apr Mag Giu Lug Ago Set Ott Nov Dic
2010: Gen Feb Mar Apr Mag Giu Lug Ago Set Ott Nov Dic
2009: Gen Feb Mar Apr Mag Giu Lug Ago Set Ott Nov Dic
2008: Gen Feb Mar Apr Mag Giu Lug Ago Set Ott Nov Dic
2007: Gen Feb Mar Apr Mag Giu Lug Ago Set Ott Nov Dic
2024: Gen Feb Mar Apr Mag Giu Lug Ago Set Ott Nov Dic
2023: Gen Feb Mar Apr Mag Giu Lug Ago Set Ott Nov Dic
2022: Gen Feb Mar Apr Mag Giu Lug Ago Set Ott Nov Dic
2021: Gen Feb Mar Apr Mag Giu Lug Ago Set Ott Nov Dic
2020: Gen Feb Mar Apr Mag Giu Lug Ago Set Ott Nov Dic
2019: Gen Feb Mar Apr Mag Giu Lug Ago Set Ott Nov Dic
2018: Gen Feb Mar Apr Mag Giu Lug Ago Set Ott Nov Dic
2017: Gen Feb Mar Apr Mag Giu Lug Ago Set Ott Nov Dic
2016: Gen Feb Mar Apr Mag Giu Lug Ago Set Ott Nov Dic
2015: Gen Feb Mar Apr Mag Giu Lug Ago Set Ott Nov Dic
2014: Gen Feb Mar Apr Mag Giu Lug Ago Set Ott Nov Dic
2013: Gen Feb Mar Apr Mag Giu Lug Ago Set Ott Nov Dic
2012: Gen Feb Mar Apr Mag Giu Lug Ago Set Ott Nov Dic
2011: Gen Feb Mar Apr Mag Giu Lug Ago Set Ott Nov Dic
2010: Gen Feb Mar Apr Mag Giu Lug Ago Set Ott Nov Dic
2009: Gen Feb Mar Apr Mag Giu Lug Ago Set Ott Nov Dic
2008: Gen Feb Mar Apr Mag Giu Lug Ago Set Ott Nov Dic
2007: Gen Feb Mar Apr Mag Giu Lug Ago Set Ott Nov Dic
Report for 2013 Settembre
Monthly Climatological Summary for set 2013 Name: ws2300.altervista.org/index.html City: Brancaleone (RC) State: Italy Elevation: 25 m Lat: N 37° 57' 41" Lon: E 016° 05' 58" Temperature (°C), Rain (mm), Wind Speed (m/s) Heat Cool Avg Mean Deg Deg Wind Dom Day Temp High Time Low Time Days Days Rain Speed High Time Dir ---------------------------------------------------------------------------------- 1 23,7 27,1 14.14 21,0 07.55 0,0 5,1 5,4 3,1 7,0 17.02 NNW 2 24,6 26,3 09.33 22,9 00.59 0,0 6,4 0,0 4,5 9,0 11.46 NNE 3 25,4 28,3 15.00 23,2 23.30 0,0 7,1 0,0 3,8 8,0 09.00 NNE 4 26,2 32,1 15.33 22,3 02.00 0,0 7,9 0,0 2,5 7,0 11.17 NNE 5 25,9 30,6 12.06 0,0 00.00 0,0 7,7 2,4 4,2 11,0 15.16 SSW 6 25,5 30,5 14.00 22,3 23.29 0,0 7,3 0,6 3,0 8,0 17.30 W 7 26,0 30,3 14.29 21,2 04.29 0,0 7,7 0,0 2,6 5,0 17.59 SSE 8 26,6 32,2 08.59 21,9 04.29 0,0 8,4 0,0 4,6 11,0 14.16 SSW 9 28,1 32,9 09.29 23,2 05.29 0,0 9,7 0,0 2,1 7,0 19.59 SSW 10 28,0 31,9 17.51 25,0 05.59 0,0 9,7 0,0 1,8 5,0 12.00 S 11 27,9 32,9 16.08 24,7 05.29 0,0 9,5 0,0 3,1 7,0 10.05 E 12 27,2 30,4 11.00 24,9 00.29 0,0 8,9 0,0 3,5 9,0 13.49 SSW 13 26,1 31,4 09.44 22,0 07.00 0,0 7,8 0,0 3,5 11,0 15.59 N 14 24,6 28,3 13.30 20,0 07.00 0,0 6,3 0,0 2,9 7,0 17.30 SSE 15 24,9 28,3 11.31 20,2 04.01 0,0 6,6 0,0 2,9 8,0 16.31 S 16 23,1 27,2 02.00 20,2 05.00 0,0 2,6 24,6 3,7 11,0 05.00 SW 17 25,3 30,2 17.18 0,0 00.00 0,0 6,0 0,0 4,1 9,0 18.30 WSW 18 24,1 29,0 08.12 20,9 06.31 0,0 3,9 0,0 3,7 9,0 12.32 ESE 19 24,9 29,9 10.13 19,6 06.07 0,0 6,5 0,0 3,0 7,0 12.19 NE 20 24,6 27,3 16.37 22,3 00.07 0,0 5,8 1,5 3,1 8,0 10.01 N 21 23,8 26,8 14.20 21,2 21.38 0,0 5,3 0,0 4,1 7,0 13.20 N 24 23,8 26,2 15.10 21,1 20.10 0,0 6,3 0,3 3,3 8,0 12.08 NNW 25 22,9 27,9 09.41 17,7 05.41 0,0 4,5 0,0 5,7 10,0 15.32 SSW 26 24,9 31,4 10.30 19,7 05.10 0,0 6,6 0,0 3,6 11,0 14.33 SW 27 25,2 30,2 09.22 0,0 00.10 0,0 7,0 0,0 2,1 4,0 11.11 SW 28 24,6 29,7 08.41 20,2 06.11 0,0 6,3 0,0 4,9 11,0 15.43 SSW 29 24,8 27,2 15.40 22,5 06.11 0,0 6,5 0,0 5,9 12,0 13.10 SSW 30 24,8 29,0 16.41 20,9 23.11 0,0 6,5 3,6 3,2 12,0 10.04 SW ---------------------------------------------------------------------------------- 25,3 32,9 9 0,0 5 0,0 189,9 38,4 3,6 12,0 29 SW Max >= 27,0: 25 Max <= 0,0: 0 Min <= 0,0: 3 Min <= -18,0: 0 Max Rain: 24,6 on day 16 Days of Rain: 7 (>= 0,2 mm) 4 (>= 2,0 mm) 1 (>= 20,0 mm) Heat Base: 18,3 Cool Base: 18,3 Method: Integration