NOAA-Style Climate Reports

Select a Year or Month report
2024: Gen Feb Mar Apr Mag Giu Lug Ago Set Ott Nov Dic
2023: Gen Feb Mar Apr Mag Giu Lug Ago Set Ott Nov Dic
2022: Gen Feb Mar Apr Mag Giu Lug Ago Set Ott Nov Dic
2021: Gen Feb Mar Apr Mag Giu Lug Ago Set Ott Nov Dic
2020: Gen Feb Mar Apr Mag Giu Lug Ago Set Ott Nov Dic
2019: Gen Feb Mar Apr Mag Giu Lug Ago Set Ott Nov Dic
2018: Gen Feb Mar Apr Mag Giu Lug Ago Set Ott Nov Dic
2017: Gen Feb Mar Apr Mag Giu Lug Ago Set Ott Nov Dic
2016: Gen Feb Mar Apr Mag Giu Lug Ago Set Ott Nov Dic
2015: Gen Feb Mar Apr Mag Giu Lug Ago Set Ott Nov Dic
2014: Gen Feb Mar Apr Mag Giu Lug Ago Set Ott Nov Dic
2013: Gen Feb Mar Apr Mag Giu Lug Ago Set Ott Nov Dic
2012: Gen Feb Mar Apr Mag Giu Lug Ago Set Ott Nov Dic
2011: Gen Feb Mar Apr Mag Giu Lug Ago Set Ott Nov Dic
2010: Gen Feb Mar Apr Mag Giu Lug Ago Set Ott Nov Dic
2009: Gen Feb Mar Apr Mag Giu Lug Ago Set Ott Nov Dic
2008: Gen Feb Mar Apr Mag Giu Lug Ago Set Ott Nov Dic
2007: Gen Feb Mar Apr Mag Giu Lug Ago Set Ott Nov Dic
2024: Gen Feb Mar Apr Mag Giu Lug Ago Set Ott Nov Dic
2023: Gen Feb Mar Apr Mag Giu Lug Ago Set Ott Nov Dic
2022: Gen Feb Mar Apr Mag Giu Lug Ago Set Ott Nov Dic
2021: Gen Feb Mar Apr Mag Giu Lug Ago Set Ott Nov Dic
2020: Gen Feb Mar Apr Mag Giu Lug Ago Set Ott Nov Dic
2019: Gen Feb Mar Apr Mag Giu Lug Ago Set Ott Nov Dic
2018: Gen Feb Mar Apr Mag Giu Lug Ago Set Ott Nov Dic
2017: Gen Feb Mar Apr Mag Giu Lug Ago Set Ott Nov Dic
2016: Gen Feb Mar Apr Mag Giu Lug Ago Set Ott Nov Dic
2015: Gen Feb Mar Apr Mag Giu Lug Ago Set Ott Nov Dic
2014: Gen Feb Mar Apr Mag Giu Lug Ago Set Ott Nov Dic
2013: Gen Feb Mar Apr Mag Giu Lug Ago Set Ott Nov Dic
2012: Gen Feb Mar Apr Mag Giu Lug Ago Set Ott Nov Dic
2011: Gen Feb Mar Apr Mag Giu Lug Ago Set Ott Nov Dic
2010: Gen Feb Mar Apr Mag Giu Lug Ago Set Ott Nov Dic
2009: Gen Feb Mar Apr Mag Giu Lug Ago Set Ott Nov Dic
2008: Gen Feb Mar Apr Mag Giu Lug Ago Set Ott Nov Dic
2007: Gen Feb Mar Apr Mag Giu Lug Ago Set Ott Nov Dic
Report for 2013 Luglio
Monthly Climatological Summary for lug 2013 Name: ws2300.altervista.org/index.html City: Brancaleone (RC) State: Italy Elevation: 25 m Lat: N 37° 57' 41" Lon: E 016° 05' 58" Temperature (°C), Rain (mm), Wind Speed (m/s) Heat Cool Avg Mean Deg Deg Wind Dom Day Temp High Time Low Time Days Days Rain Speed High Time Dir ---------------------------------------------------------------------------------- 1 23,7 27,4 09.57 18,7 04.57 0,0 5,5 0,0 4,0 7,0 17.38 SSW 2 24,2 28,2 08.28 19,2 02.58 0,0 6,0 0,0 2,4 7,0 17.28 S 3 25,1 29,6 14.57 20,9 04.27 0,0 6,8 0,0 2,1 7,0 18.27 S 4 25,5 29,8 13.27 21,0 05.27 0,0 7,2 0,0 2,5 6,0 19.27 SSW 5 25,0 28,6 10.28 22,8 01.58 0,0 6,7 0,0 2,8 6,0 14.28 SSW 6 27,7 32,0 10.58 22,7 03.28 0,0 9,2 0,0 1,9 5,0 15.28 S 7 26,7 30,9 14.28 22,9 04.28 0,0 8,6 0,0 2,8 7,0 14.02 S 8 27,6 33,2 08.57 23,2 00.27 0,0 9,3 0,0 3,8 8,0 17.56 SSW 9 26,8 29,8 17.27 24,2 00.27 0,0 8,6 0,0 3,1 9,0 17.57 SSW 10 25,9 29,1 07.57 21,8 05.57 0,0 7,6 0,0 2,8 7,0 13.27 S 11 25,9 29,3 11.18 21,3 05.27 0,0 7,5 0,0 4,8 9,0 12.44 S 12 26,1 30,1 07.59 22,0 05.29 0,0 7,6 0,0 3,2 7,0 19.59 S 13 26,4 30,9 07.58 22,2 05.58 0,0 8,2 0,0 3,9 8,0 16.27 SSW 14 26,5 30,6 13.58 23,0 04.58 0,0 8,2 0,0 2,7 8,0 19.58 ENE 15 26,3 28,8 16.06 0,0 00.06 0,0 8,2 0,0 3,4 8,0 15.49 S 16 27,1 30,8 16.57 22,7 05.27 0,0 8,8 0,0 2,1 7,0 14.57 SSW 17 26,7 31,4 08.27 22,6 05.27 0,0 8,4 0,0 2,1 6,0 11.57 NE 18 25,7 29,8 15.27 21,7 04.27 0,0 7,5 0,0 3,5 6,0 19.29 SSE 19 26,1 29,9 13.57 21,5 04.57 0,0 7,8 0,0 2,9 7,0 16.57 SSE 20 26,6 30,0 10.57 23,2 02.27 0,0 8,3 0,0 2,7 7,0 16.57 S 21 26,5 30,2 07.28 22,8 05.28 0,0 8,1 0,0 2,4 7,0 17.58 ESE 22 27,6 30,7 14.57 24,1 00.57 0,0 9,3 0,0 3,1 7,0 10.57 SSW 23 27,3 30,5 13.57 24,3 02.27 0,0 9,0 0,0 3,0 8,0 15.57 S 24 28,1 32,6 07.57 23,5 01.57 0,0 9,8 0,0 2,9 8,0 15.57 SSW 25 28,0 31,9 11.27 23,9 02.57 0,0 9,5 0,0 2,6 7,0 15.57 S 26 28,5 32,2 18.12 23,5 03.27 0,0 8,6 0,0 5,0 9,0 16.24 SSW 27 29,7 32,3 11.27 26,3 23.58 0,0 7,9 0,0 3,8 7,0 17.57 S 28 30,0 35,1 15.22 25,8 03.28 0,0 11,2 0,0 1,9 4,0 07.28 NE 29 30,1 33,9 12.58 26,6 02.58 0,0 11,9 0,0 2,3 6,0 17.28 S 30 30,8 34,2 07.58 27,0 04.58 0,0 12,5 0,0 2,8 8,0 11.58 S ---------------------------------------------------------------------------------- 26,9 35,1 28 0,0 15 0,0 253,8 0,0 3,1 9,0 9 S Max >= 27,0: 30 Max <= 0,0: 0 Min <= 0,0: 1 Min <= -18,0: 0 Max Rain: 0,0 on day 0 Days of Rain: 0 (>= 0,2 mm) 0 (>= 2,0 mm) 0 (>= 20,0 mm) Heat Base: 18,3 Cool Base: 18,3 Method: Integration