NOAA-Style Climate Reports

Select a Year or Month report
2024: Gen Feb Mar Apr Mag Giu Lug Ago Set Ott Nov Dic
2023: Gen Feb Mar Apr Mag Giu Lug Ago Set Ott Nov Dic
2022: Gen Feb Mar Apr Mag Giu Lug Ago Set Ott Nov Dic
2021: Gen Feb Mar Apr Mag Giu Lug Ago Set Ott Nov Dic
2020: Gen Feb Mar Apr Mag Giu Lug Ago Set Ott Nov Dic
2019: Gen Feb Mar Apr Mag Giu Lug Ago Set Ott Nov Dic
2018: Gen Feb Mar Apr Mag Giu Lug Ago Set Ott Nov Dic
2017: Gen Feb Mar Apr Mag Giu Lug Ago Set Ott Nov Dic
2016: Gen Feb Mar Apr Mag Giu Lug Ago Set Ott Nov Dic
2015: Gen Feb Mar Apr Mag Giu Lug Ago Set Ott Nov Dic
2014: Gen Feb Mar Apr Mag Giu Lug Ago Set Ott Nov Dic
2013: Gen Feb Mar Apr Mag Giu Lug Ago Set Ott Nov Dic
2012: Gen Feb Mar Apr Mag Giu Lug Ago Set Ott Nov Dic
2011: Gen Feb Mar Apr Mag Giu Lug Ago Set Ott Nov Dic
2010: Gen Feb Mar Apr Mag Giu Lug Ago Set Ott Nov Dic
2009: Gen Feb Mar Apr Mag Giu Lug Ago Set Ott Nov Dic
2008: Gen Feb Mar Apr Mag Giu Lug Ago Set Ott Nov Dic
2007: Gen Feb Mar Apr Mag Giu Lug Ago Set Ott Nov Dic
2024: Gen Feb Mar Apr Mag Giu Lug Ago Set Ott Nov Dic
2023: Gen Feb Mar Apr Mag Giu Lug Ago Set Ott Nov Dic
2022: Gen Feb Mar Apr Mag Giu Lug Ago Set Ott Nov Dic
2021: Gen Feb Mar Apr Mag Giu Lug Ago Set Ott Nov Dic
2020: Gen Feb Mar Apr Mag Giu Lug Ago Set Ott Nov Dic
2019: Gen Feb Mar Apr Mag Giu Lug Ago Set Ott Nov Dic
2018: Gen Feb Mar Apr Mag Giu Lug Ago Set Ott Nov Dic
2017: Gen Feb Mar Apr Mag Giu Lug Ago Set Ott Nov Dic
2016: Gen Feb Mar Apr Mag Giu Lug Ago Set Ott Nov Dic
2015: Gen Feb Mar Apr Mag Giu Lug Ago Set Ott Nov Dic
2014: Gen Feb Mar Apr Mag Giu Lug Ago Set Ott Nov Dic
2013: Gen Feb Mar Apr Mag Giu Lug Ago Set Ott Nov Dic
2012: Gen Feb Mar Apr Mag Giu Lug Ago Set Ott Nov Dic
2011: Gen Feb Mar Apr Mag Giu Lug Ago Set Ott Nov Dic
2010: Gen Feb Mar Apr Mag Giu Lug Ago Set Ott Nov Dic
2009: Gen Feb Mar Apr Mag Giu Lug Ago Set Ott Nov Dic
2008: Gen Feb Mar Apr Mag Giu Lug Ago Set Ott Nov Dic
2007: Gen Feb Mar Apr Mag Giu Lug Ago Set Ott Nov Dic
Report for 2012 Giugnio
Monthly Climatological Summary for giu 2012 Name: ws2300.altervista.org/index.html City: Brancaleone (RC) State: Italy Elevation: 25 m Lat: N 37° 57' 41" Lon: E 016° 05' 58" Temperature (°C), Rain (mm), Wind Speed (m/s) Heat Cool Avg Mean Deg Deg Wind Dom Day Temp High Time Low Time Days Days Rain Speed High Time Dir ---------------------------------------------------------------------------------- 1 22,4 25,3 14.58 18,0 02.55 0,0 4,1 0,0 3,7 6,0 14.58 SSW 2 24,9 27,4 09.10 19,4 23.51 0,0 6,6 0,0 3,9 8,0 16.06 S 3 23,4 27,8 17.10 18,1 03.26 0,0 5,1 0,0 3,9 11,0 16.39 SSW 4 23,1 26,0 10.32 19,9 23.45 0,0 4,9 0,0 6,4 14,0 08.18 SSW 5 22,6 27,7 07.39 18,8 05.22 0,0 4,2 0,0 3,4 10,0 13.37 E 6 22,0 25,5 07.18 18,0 01.15 0,0 3,7 0,0 4,0 8,0 16.55 SSW 7 22,0 26,7 16.19 17,3 03.07 0,1 3,9 0,0 2,2 7,0 19.01 SSE 8 23,3 27,4 17.14 18,8 03.54 0,0 5,0 0,0 3,9 11,0 16.16 S 9 24,6 30,5 12.18 18,5 04.54 0,0 6,3 0,0 5,0 13,0 15.47 SSW 10 24,7 30,0 12.54 20,2 05.24 0,0 6,4 0,0 2,6 9,0 03.09 S 11 24,2 29,0 16.24 20,3 03.45 0,0 5,9 0,0 2,8 8,0 09.31 SSW 12 25,3 32,0 16.31 21,1 01.30 0,0 7,0 0,0 3,3 12,0 11.59 S 13 24,7 27,6 17.25 21,4 05.06 0,0 6,4 0,3 3,0 7,0 16.16 S 14 24,3 29,0 11.38 19,1 04.41 0,0 6,0 0,0 3,3 9,0 19.41 SSW 15 24,5 29,5 16.39 20,7 03.02 0,0 5,9 0,3 2,3 5,0 05.30 ENE 16 28,0 32,6 17.31 0,0 00.25 0,0 5,8 0,0 2,6 6,0 14.24 S 17 28,1 33,9 10.32 22,5 02.21 0,0 9,8 0,0 2,2 10,0 23.24 SW 18 27,9 33,7 09.22 22,8 03.07 0,0 9,6 0,0 1,5 4,0 14.24 SSE 19 28,0 32,0 07.27 23,5 00.18 0,0 7,0 0,0 2,6 7,0 12.47 S 20 29,3 35,5 08.26 25,1 02.06 0,0 11,0 0,0 2,3 6,0 16.32 SSW 21 28,7 34,3 07.56 24,9 23.50 0,0 10,4 0,0 2,8 8,0 13.15 S 22 28,5 33,7 18.54 24,8 00.29 0,0 10,2 0,0 2,4 7,0 15.18 SSW 23 29,0 34,1 07.59 24,9 05.13 0,0 10,7 0,0 3,0 9,0 15.58 SSW 24 29,5 34,0 10.38 24,6 05.49 0,0 11,2 0,0 2,5 8,0 18.52 SSW 25 28,2 32,6 16.22 22,9 04.57 0,0 9,9 0,0 1,9 5,0 02.42 SSW 26 27,0 32,0 15.35 -18,8 10.30 0,0 8,8 0,0 2,5 45,0 10.54 S 27 28,0 32,2 17.27 24,4 00.00 0,0 9,7 0,0 2,8 8,0 07.43 NE 28 27,0 31,0 13.06 22,7 05.29 0,0 8,7 0,0 2,8 8,0 19.39 S 29 27,1 31,4 15.42 23,1 04.07 0,0 8,8 0,0 2,2 5,0 09.49 ESE 30 28,5 33,3 11.56 23,8 03.02 0,0 10,2 0,0 2,0 5,0 12.36 SSE ---------------------------------------------------------------------------------- 26,0 35,5 20 -18,8 26 0,1 223,2 0,6 3,0 45,0 26 S Max >= 27,0: 26 Max <= 0,0: 0 Min <= 0,0: 2 Min <= -18,0: 1 Max Rain: 0,3 on day 13 Days of Rain: 2 (>= 0,2 mm) 0 (>= 2,0 mm) 0 (>= 20,0 mm) Heat Base: 18,3 Cool Base: 18,3 Method: Integration