NOAA-Style Climate Reports

Select a Year or Month report
2024: Gen Feb Mar Apr Mag Giu Lug Ago Set Ott Nov Dic
2023: Gen Feb Mar Apr Mag Giu Lug Ago Set Ott Nov Dic
2022: Gen Feb Mar Apr Mag Giu Lug Ago Set Ott Nov Dic
2021: Gen Feb Mar Apr Mag Giu Lug Ago Set Ott Nov Dic
2020: Gen Feb Mar Apr Mag Giu Lug Ago Set Ott Nov Dic
2019: Gen Feb Mar Apr Mag Giu Lug Ago Set Ott Nov Dic
2018: Gen Feb Mar Apr Mag Giu Lug Ago Set Ott Nov Dic
2017: Gen Feb Mar Apr Mag Giu Lug Ago Set Ott Nov Dic
2016: Gen Feb Mar Apr Mag Giu Lug Ago Set Ott Nov Dic
2015: Gen Feb Mar Apr Mag Giu Lug Ago Set Ott Nov Dic
2014: Gen Feb Mar Apr Mag Giu Lug Ago Set Ott Nov Dic
2013: Gen Feb Mar Apr Mag Giu Lug Ago Set Ott Nov Dic
2012: Gen Feb Mar Apr Mag Giu Lug Ago Set Ott Nov Dic
2011: Gen Feb Mar Apr Mag Giu Lug Ago Set Ott Nov Dic
2010: Gen Feb Mar Apr Mag Giu Lug Ago Set Ott Nov Dic
2009: Gen Feb Mar Apr Mag Giu Lug Ago Set Ott Nov Dic
2008: Gen Feb Mar Apr Mag Giu Lug Ago Set Ott Nov Dic
2007: Gen Feb Mar Apr Mag Giu Lug Ago Set Ott Nov Dic
2024: Gen Feb Mar Apr Mag Giu Lug Ago Set Ott Nov Dic
2023: Gen Feb Mar Apr Mag Giu Lug Ago Set Ott Nov Dic
2022: Gen Feb Mar Apr Mag Giu Lug Ago Set Ott Nov Dic
2021: Gen Feb Mar Apr Mag Giu Lug Ago Set Ott Nov Dic
2020: Gen Feb Mar Apr Mag Giu Lug Ago Set Ott Nov Dic
2019: Gen Feb Mar Apr Mag Giu Lug Ago Set Ott Nov Dic
2018: Gen Feb Mar Apr Mag Giu Lug Ago Set Ott Nov Dic
2017: Gen Feb Mar Apr Mag Giu Lug Ago Set Ott Nov Dic
2016: Gen Feb Mar Apr Mag Giu Lug Ago Set Ott Nov Dic
2015: Gen Feb Mar Apr Mag Giu Lug Ago Set Ott Nov Dic
2014: Gen Feb Mar Apr Mag Giu Lug Ago Set Ott Nov Dic
2013: Gen Feb Mar Apr Mag Giu Lug Ago Set Ott Nov Dic
2012: Gen Feb Mar Apr Mag Giu Lug Ago Set Ott Nov Dic
2011: Gen Feb Mar Apr Mag Giu Lug Ago Set Ott Nov Dic
2010: Gen Feb Mar Apr Mag Giu Lug Ago Set Ott Nov Dic
2009: Gen Feb Mar Apr Mag Giu Lug Ago Set Ott Nov Dic
2008: Gen Feb Mar Apr Mag Giu Lug Ago Set Ott Nov Dic
2007: Gen Feb Mar Apr Mag Giu Lug Ago Set Ott Nov Dic
Report for 2012 Maggio
Monthly Climatological Summary for mag 2012 Name: ws2300.altervista.org/index.html City: Brancaleone (RC) State: Italy Elevation: 25 m Lat: N 37° 57' 41" Lon: E 016° 05' 58" Temperature (°C), Rain (mm), Wind Speed (m/s) Heat Cool Avg Mean Deg Deg Wind Dom Day Temp High Time Low Time Days Days Rain Speed High Time Dir ---------------------------------------------------------------------------------- 1 21,1 27,6 17.37 16,2 04.57 0,4 3,1 0,0 2,3 44,0 06.53 S 2 22,4 26,8 09.34 0,0 05.53 0,0 3,2 0,0 2,1 6,0 13.19 SSE 3 19,4 25,4 15.20 15,5 05.02 0,6 1,5 0,0 2,6 7,0 10.48 SSW 4 19,8 25,6 14.50 14,2 05.17 0,9 2,4 0,0 2,1 6,0 09.27 SSW 5 21,2 27,3 16.47 15,6 05.05 0,4 3,3 0,0 2,0 4,0 13.00 NNW 6 21,0 28,5 11.59 16,3 04.24 0,2 2,9 0,0 2,5 7,0 14.50 SSW 7 20,6 25,1 11.46 16,6 02.45 0,1 2,4 0,0 2,6 9,0 16.38 SSW 8 20,0 24,9 08.23 15,7 05.25 0,4 2,1 0,0 2,7 7,0 12.40 SSW 9 19,8 24,9 08.38 15,0 04.50 0,6 2,1 0,0 2,8 8,0 12.20 SSW 10 22,2 28,3 11.54 16,1 04.43 0,4 4,3 0,0 2,1 5,0 15.45 SSW 11 22,8 28,1 09.26 17,5 05.11 0,0 4,5 0,0 2,1 5,0 18.39 NNE 12 24,1 28,0 08.02 18,4 00.18 0,0 5,8 0,0 2,7 6,0 14.09 SSW 13 23,2 28,5 07.59 19,3 05.20 0,0 4,9 0,0 3,0 9,0 13.27 SSW 14 21,8 27,0 14.37 19,3 09.05 0,0 2,8 0,6 3,1 17,0 15.01 N 15 19,3 23,9 09.44 0,0 06.49 0,3 1,0 0,0 4,0 9,0 12.30 E 16 19,0 25,1 13.48 13,1 05.17 0,9 1,7 0,0 3,9 14,0 09.26 SW 17 18,6 22,8 14.28 14,2 23.26 0,8 1,1 0,0 4,6 15,0 12.24 W 18 17,9 22,3 15.31 13,1 04.23 1,4 1,0 0,0 3,6 14,0 10.08 SE 19 18,2 22,3 17.33 13,8 05.27 1,0 0,9 0,0 3,6 10,0 19.33 SSW 20 18,2 22,2 08.28 14,6 03.56 0,8 0,8 0,0 3,1 9,0 23.45 SE 21 19,3 25,8 10.59 16,6 23.41 0,1 0,8 0,0 5,3 14,0 09.38 N 22 20,0 25,1 15.33 16,0 05.55 0,2 1,9 0,0 3,8 13,0 13.00 SSW 23 18,7 22,3 12.49 16,0 23.34 0,4 0,8 3,0 4,3 12,0 12.51 SSW 24 19,7 25,5 18.38 15,0 05.16 0,7 2,1 0,6 2,3 7,0 19.07 E 25 21,3 28,0 09.54 16,8 04.47 0,2 3,1 0,0 2,3 6,0 05.50 E 26 20,5 24,8 11.35 16,7 03.27 0,1 2,4 0,0 2,5 7,0 17.53 ENE 27 19,3 24,0 12.07 16,5 23.44 0,3 1,3 1,5 2,2 6,0 17.15 E 28 20,0 24,6 07.43 15,1 05.00 0,6 2,2 5,1 3,8 11,0 18.03 S 29 18,9 22,3 11.57 16,0 23.41 0,4 1,1 0,0 3,3 7,0 15.37 NE 30 20,7 24,5 18.14 14,8 05.45 0,6 2,9 0,0 2,2 5,0 13.48 SSW 31 22,6 25,8 07.52 17,2 04.56 0,1 4,5 0,0 1,2 4,0 20.36 SSW ---------------------------------------------------------------------------------- 20,4 28,5 6 0,0 2 12,9 74,9 10,8 2,9 44,0 1 S Max >= 27,0: 9 Max <= 0,0: 0 Min <= 0,0: 2 Min <= -18,0: 0 Max Rain: 5,1 on day 28 Days of Rain: 5 (>= 0,2 mm) 2 (>= 2,0 mm) 0 (>= 20,0 mm) Heat Base: 18,3 Cool Base: 18,3 Method: Integration