NOAA-Style Climate Reports

Select a Year or Month report
2024: Gen Feb Mar Apr Mag Giu Lug Ago Set Ott Nov Dic
2023: Gen Feb Mar Apr Mag Giu Lug Ago Set Ott Nov Dic
2022: Gen Feb Mar Apr Mag Giu Lug Ago Set Ott Nov Dic
2021: Gen Feb Mar Apr Mag Giu Lug Ago Set Ott Nov Dic
2020: Gen Feb Mar Apr Mag Giu Lug Ago Set Ott Nov Dic
2019: Gen Feb Mar Apr Mag Giu Lug Ago Set Ott Nov Dic
2018: Gen Feb Mar Apr Mag Giu Lug Ago Set Ott Nov Dic
2017: Gen Feb Mar Apr Mag Giu Lug Ago Set Ott Nov Dic
2016: Gen Feb Mar Apr Mag Giu Lug Ago Set Ott Nov Dic
2015: Gen Feb Mar Apr Mag Giu Lug Ago Set Ott Nov Dic
2014: Gen Feb Mar Apr Mag Giu Lug Ago Set Ott Nov Dic
2013: Gen Feb Mar Apr Mag Giu Lug Ago Set Ott Nov Dic
2012: Gen Feb Mar Apr Mag Giu Lug Ago Set Ott Nov Dic
2011: Gen Feb Mar Apr Mag Giu Lug Ago Set Ott Nov Dic
2010: Gen Feb Mar Apr Mag Giu Lug Ago Set Ott Nov Dic
2009: Gen Feb Mar Apr Mag Giu Lug Ago Set Ott Nov Dic
2008: Gen Feb Mar Apr Mag Giu Lug Ago Set Ott Nov Dic
2007: Gen Feb Mar Apr Mag Giu Lug Ago Set Ott Nov Dic
2024: Gen Feb Mar Apr Mag Giu Lug Ago Set Ott Nov Dic
2023: Gen Feb Mar Apr Mag Giu Lug Ago Set Ott Nov Dic
2022: Gen Feb Mar Apr Mag Giu Lug Ago Set Ott Nov Dic
2021: Gen Feb Mar Apr Mag Giu Lug Ago Set Ott Nov Dic
2020: Gen Feb Mar Apr Mag Giu Lug Ago Set Ott Nov Dic
2019: Gen Feb Mar Apr Mag Giu Lug Ago Set Ott Nov Dic
2018: Gen Feb Mar Apr Mag Giu Lug Ago Set Ott Nov Dic
2017: Gen Feb Mar Apr Mag Giu Lug Ago Set Ott Nov Dic
2016: Gen Feb Mar Apr Mag Giu Lug Ago Set Ott Nov Dic
2015: Gen Feb Mar Apr Mag Giu Lug Ago Set Ott Nov Dic
2014: Gen Feb Mar Apr Mag Giu Lug Ago Set Ott Nov Dic
2013: Gen Feb Mar Apr Mag Giu Lug Ago Set Ott Nov Dic
2012: Gen Feb Mar Apr Mag Giu Lug Ago Set Ott Nov Dic
2011: Gen Feb Mar Apr Mag Giu Lug Ago Set Ott Nov Dic
2010: Gen Feb Mar Apr Mag Giu Lug Ago Set Ott Nov Dic
2009: Gen Feb Mar Apr Mag Giu Lug Ago Set Ott Nov Dic
2008: Gen Feb Mar Apr Mag Giu Lug Ago Set Ott Nov Dic
2007: Gen Feb Mar Apr Mag Giu Lug Ago Set Ott Nov Dic
Report for 2012 Marzo
Monthly Climatological Summary for mar 2012 Name: ws2300.altervista.org/index.html City: Brancaleone (RC) State: Italy Elevation: 25 m Lat: N 37° 57' 41" Lon: E 016° 05' 58" Temperature (°C), Rain (mm), Wind Speed (m/s) Heat Cool Avg Mean Deg Deg Wind Dom Day Temp High Time Low Time Days Days Rain Speed High Time Dir ---------------------------------------------------------------------------------- 7 11,8 12,6 19.01 10,3 23.00 1,5 0,0 8,4 7,5 19,0 21.30 NNE 20 12,5 13,8 01.32 11,3 00.00 2,0 0,0 0,0 ---- 10,0 02.47 SSW 21 14,4 16,4 10.19 0,0 07.08 2,7 0,0 0,0 4,3 10,0 11.40 NNE 22 16,3 22,0 08.56 11,4 01.28 2,4 0,4 0,0 1,3 6,0 05.21 SW 23 14,2 16,0 02.41 12,1 23.52 1,6 0,0 0,0 1,1 5,0 02.47 NW 24 15,2 20,2 13.00 11,7 02.08 3,1 0,0 0,0 2,2 8,0 14.52 S 25 16,0 18,6 13.45 13,8 00.00 2,1 0,0 0,0 2,1 6,0 04.09 NNE 26 16,9 21,9 14.14 13,1 22.43 1,9 0,4 0,0 2,1 8,0 16.22 WSW 27 16,1 23,3 11.44 11,0 23.48 2,7 0,5 0,0 1,3 5,0 10.25 SSW 28 16,2 22,3 10.30 10,3 05.59 2,9 0,7 0,0 1,5 7,0 14.53 SSW 29 14,9 18,6 22.09 12,3 00.06 3,4 0,0 0,0 1,1 4,0 00.43 W 30 17,8 24,8 12.41 11,4 06.12 2,2 1,7 0,0 1,4 5,0 06.30 SW 31 17,0 22,3 12.51 11,7 06.35 2,0 0,7 0,0 1,9 6,0 14.59 SSW ---------------------------------------------------------------------------------- 15,3 24,8 30 0,0 21 30,5 4,4 8,4 2,2 19,0 7 NNW Max >= 27,0: 0 Max <= 0,0: 0 Min <= 0,0: 1 Min <= -18,0: 0 Max Rain: 8,4 on day 7 Days of Rain: 1 (>= 0,2 mm) 1 (>= 2,0 mm) 0 (>= 20,0 mm) Heat Base: 18,3 Cool Base: 18,3 Method: Integration