NOAA-Style Climate Reports

Select a Year or Month report
2024: Gen Feb Mar Apr Mag Giu Lug Ago Set Ott Nov Dic
2023: Gen Feb Mar Apr Mag Giu Lug Ago Set Ott Nov Dic
2022: Gen Feb Mar Apr Mag Giu Lug Ago Set Ott Nov Dic
2021: Gen Feb Mar Apr Mag Giu Lug Ago Set Ott Nov Dic
2020: Gen Feb Mar Apr Mag Giu Lug Ago Set Ott Nov Dic
2019: Gen Feb Mar Apr Mag Giu Lug Ago Set Ott Nov Dic
2018: Gen Feb Mar Apr Mag Giu Lug Ago Set Ott Nov Dic
2017: Gen Feb Mar Apr Mag Giu Lug Ago Set Ott Nov Dic
2016: Gen Feb Mar Apr Mag Giu Lug Ago Set Ott Nov Dic
2015: Gen Feb Mar Apr Mag Giu Lug Ago Set Ott Nov Dic
2014: Gen Feb Mar Apr Mag Giu Lug Ago Set Ott Nov Dic
2013: Gen Feb Mar Apr Mag Giu Lug Ago Set Ott Nov Dic
2012: Gen Feb Mar Apr Mag Giu Lug Ago Set Ott Nov Dic
2011: Gen Feb Mar Apr Mag Giu Lug Ago Set Ott Nov Dic
2010: Gen Feb Mar Apr Mag Giu Lug Ago Set Ott Nov Dic
2009: Gen Feb Mar Apr Mag Giu Lug Ago Set Ott Nov Dic
2008: Gen Feb Mar Apr Mag Giu Lug Ago Set Ott Nov Dic
2007: Gen Feb Mar Apr Mag Giu Lug Ago Set Ott Nov Dic
2024: Gen Feb Mar Apr Mag Giu Lug Ago Set Ott Nov Dic
2023: Gen Feb Mar Apr Mag Giu Lug Ago Set Ott Nov Dic
2022: Gen Feb Mar Apr Mag Giu Lug Ago Set Ott Nov Dic
2021: Gen Feb Mar Apr Mag Giu Lug Ago Set Ott Nov Dic
2020: Gen Feb Mar Apr Mag Giu Lug Ago Set Ott Nov Dic
2019: Gen Feb Mar Apr Mag Giu Lug Ago Set Ott Nov Dic
2018: Gen Feb Mar Apr Mag Giu Lug Ago Set Ott Nov Dic
2017: Gen Feb Mar Apr Mag Giu Lug Ago Set Ott Nov Dic
2016: Gen Feb Mar Apr Mag Giu Lug Ago Set Ott Nov Dic
2015: Gen Feb Mar Apr Mag Giu Lug Ago Set Ott Nov Dic
2014: Gen Feb Mar Apr Mag Giu Lug Ago Set Ott Nov Dic
2013: Gen Feb Mar Apr Mag Giu Lug Ago Set Ott Nov Dic
2012: Gen Feb Mar Apr Mag Giu Lug Ago Set Ott Nov Dic
2011: Gen Feb Mar Apr Mag Giu Lug Ago Set Ott Nov Dic
2010: Gen Feb Mar Apr Mag Giu Lug Ago Set Ott Nov Dic
2009: Gen Feb Mar Apr Mag Giu Lug Ago Set Ott Nov Dic
2008: Gen Feb Mar Apr Mag Giu Lug Ago Set Ott Nov Dic
2007: Gen Feb Mar Apr Mag Giu Lug Ago Set Ott Nov Dic
Report for 2012 Febbraio
MONTHLY CLIMATOLOGICAL SUMMARY FOR 2/2012 HEAT COOL MEAN DEG DEG WIND SPEED DOM MEAN MEAN DAY TEMP HIGH TIME LOW TIME DAYS DAYS RAIN AVG HI TIME DIR BAROM HUM --------------------------------------------------------------------------------------- 1 10.2 15.3 12:20 6.8 23:59 56 068.640 3 10 13:36 SSW1003.67 78 2 12.3 17.8 11:02 6.6 0:05 53 0 0.000 3 9 23:49 SSW1001.91 66 3 14.7 19.1 12:51 11.4 4:36 51 1 0.000 5 12 17:16 S999.41 78 4 11.6 17.9 10:33 6.2 21:54 53 0 0.000 2 13 0:21 SSW1002.74 68 5 7.9 10.1 9:32 6.6 18:29 57 0234.000 2 6 9:39 N1005.89 80 6 7.5 9.0 23:54 5.3 7:05 54 085.020 2 8 18:16 N26966116.00 81 7 9.6 14.1 13:36 7.2 23:19 52 0 7.800 1 6 14:11 ENE989.19 70 8 8.2 11.1 12:00 5.9 2:41 57 024.180 2 7 0:56 WNW1001.98 75 9 8.3 10.8 12:57 6.5 22:42 57 0 0.000 2 8 8:04 WNW1007.70 76 10 10.1 14.9 11:50 6.9 7:10 55 0 4.680 4 13 17:46 SSW1006.35 74 11 10.1 14.1 11:03 7.8 22:58 55 0100.620 4 16 1:00 SSW1005.93 74 12 8.7 11.5 13:30 6.0 22:53 57 0113.100 2 7 3:15 NE1004.32 79 13 7.7 16.1 12:25 2.6 4:34 41 0 0.000 1 8 13:12 SW1006.11 71 14 7.6 14.1 11:45 3.3 23:47 43 012.480 1 4 10:26 SW17017722.00 68 15 8.4 14.9 13:44 2.9 5:29 57 0 0.000 2 15 20:58 SW1004.90 61 16 9.0 17.5 10:50 5.9 19:24 56 0 7.800 2 9 16:48 WNW12665938.00 71 17 8.4 14.8 13:49 4.7 5:13 57 0 0.000 2 15 12:00 WNW1012.64 49 18 9.8 18.1 10:52 3.4 6:24 55 1 0.000 2 8 15:15 SW1014.73 57 19 11.3 18.4 11:37 4.8 6:35 54 1 0.000 3 9 13:44 SSW1014.82 66 20 11.2 14.9 16:04 9.3 6:33 54 024.180 1 15 13:33 WNW12683486.00 78 21 11.1 12.5 12:40 9.8 2:44 54 0177.840 3 12 22:38 ENE1012.14 85 22 10.9 13.4 16:07 8.7 23:27 49 01781.470 7 16 7:14 NE1005.13 93 23 11.8 14.5 13:02 8.9 1:16 53 0 1.000 2 7 19:12 NNE1008.64 81 24 13.3 20.6 11:36 8.2 23:57 51 1 0.000 1 4 15:53 SW1014.40 75 25 14.1 21.8 10:27 7.2 6:38 51 2 0.000 1 6 12:27 SW1009.95 66 26 13.9 21.9 11:54 8.3 2:24 51 2 1.100 1 5 11:30 SW999.46 71 27 10.3 13.3 11:20 5.8 6:05 39 014.000 4 13 4:15 NNE999.52 65 --------------------------------------------------------------------------------------- TOT 9.8 21.9 26/2/12 2.6 13/2/12 1422 71797.070 3 16 11/2/12 SSW2981742.00 72 HEAT BASE: 65.0 COOL BASE: 15.0