NOAA-Style Climate Reports

Select a Year or Month report
2024: Gen Feb Mar Apr Mag Giu Lug Ago Set Ott Nov Dic
2023: Gen Feb Mar Apr Mag Giu Lug Ago Set Ott Nov Dic
2022: Gen Feb Mar Apr Mag Giu Lug Ago Set Ott Nov Dic
2021: Gen Feb Mar Apr Mag Giu Lug Ago Set Ott Nov Dic
2020: Gen Feb Mar Apr Mag Giu Lug Ago Set Ott Nov Dic
2019: Gen Feb Mar Apr Mag Giu Lug Ago Set Ott Nov Dic
2018: Gen Feb Mar Apr Mag Giu Lug Ago Set Ott Nov Dic
2017: Gen Feb Mar Apr Mag Giu Lug Ago Set Ott Nov Dic
2016: Gen Feb Mar Apr Mag Giu Lug Ago Set Ott Nov Dic
2015: Gen Feb Mar Apr Mag Giu Lug Ago Set Ott Nov Dic
2014: Gen Feb Mar Apr Mag Giu Lug Ago Set Ott Nov Dic
2013: Gen Feb Mar Apr Mag Giu Lug Ago Set Ott Nov Dic
2012: Gen Feb Mar Apr Mag Giu Lug Ago Set Ott Nov Dic
2011: Gen Feb Mar Apr Mag Giu Lug Ago Set Ott Nov Dic
2010: Gen Feb Mar Apr Mag Giu Lug Ago Set Ott Nov Dic
2009: Gen Feb Mar Apr Mag Giu Lug Ago Set Ott Nov Dic
2008: Gen Feb Mar Apr Mag Giu Lug Ago Set Ott Nov Dic
2007: Gen Feb Mar Apr Mag Giu Lug Ago Set Ott Nov Dic
2024: Gen Feb Mar Apr Mag Giu Lug Ago Set Ott Nov Dic
2023: Gen Feb Mar Apr Mag Giu Lug Ago Set Ott Nov Dic
2022: Gen Feb Mar Apr Mag Giu Lug Ago Set Ott Nov Dic
2021: Gen Feb Mar Apr Mag Giu Lug Ago Set Ott Nov Dic
2020: Gen Feb Mar Apr Mag Giu Lug Ago Set Ott Nov Dic
2019: Gen Feb Mar Apr Mag Giu Lug Ago Set Ott Nov Dic
2018: Gen Feb Mar Apr Mag Giu Lug Ago Set Ott Nov Dic
2017: Gen Feb Mar Apr Mag Giu Lug Ago Set Ott Nov Dic
2016: Gen Feb Mar Apr Mag Giu Lug Ago Set Ott Nov Dic
2015: Gen Feb Mar Apr Mag Giu Lug Ago Set Ott Nov Dic
2014: Gen Feb Mar Apr Mag Giu Lug Ago Set Ott Nov Dic
2013: Gen Feb Mar Apr Mag Giu Lug Ago Set Ott Nov Dic
2012: Gen Feb Mar Apr Mag Giu Lug Ago Set Ott Nov Dic
2011: Gen Feb Mar Apr Mag Giu Lug Ago Set Ott Nov Dic
2010: Gen Feb Mar Apr Mag Giu Lug Ago Set Ott Nov Dic
2009: Gen Feb Mar Apr Mag Giu Lug Ago Set Ott Nov Dic
2008: Gen Feb Mar Apr Mag Giu Lug Ago Set Ott Nov Dic
2007: Gen Feb Mar Apr Mag Giu Lug Ago Set Ott Nov Dic
Report for 2010 Agosto
MONTHLY CLIMATOLOGICAL SUMMARY FOR 8/2010 HEAT COOL MEAN DEG DEG WIND SPEED DOM MEAN MEAN DAY TEMP HIGH TIME LOW TIME DAYS DAYS RAIN AVG HI TIME DIR BAROM HUM --------------------------------------------------------------------------------------- 1 28.3 36.1 15:20 20.4 5:47 37 13 0.00 2 7 12:23 SSE1006.09 51 2 28.5 36.8 11:13 20.3 5:28 37 13 0.00 2 7 14:15 SW1004.80 55 3 28.9 36.8 15:42 21.8 1:59 36 14 0.00 1 4 18:06 NW1000.13 54 4 29.4 37.6 13:34 21.1 5:54 36 14 0.00 2 7 15:40 S996.71 52 5 29.0 36.4 14:13 21.3 5:47 36 14 0.00 1 6 14:15 SSE997.00 55 6 29.2 37.3 12:33 22.4 5:48 36 14 0.00 2 10 13:56 SSE1000.19 60 7 28.7 37.3 11:47 22.2 3:26 36 14 0.00 2 7 14:06 SSE1005.01 51 8 28.8 37.4 11:39 21.3 1:29 36 14 0.00 2 8 14:39 S1006.02 46 9 29.4 37.8 12:29 21.4 1:36 36 14 0.00 1 26 9:14 S1004.95 47 10 28.9 38.2 11:56 21.6 6:18 36 14 0.00 2 8 13:31 SW1004.04 48 11 30.0 38.1 13:44 22.3 2:49 35 15 0.00 2 6 17:26 S1004.27 47 12 29.5 37.8 12:26 22.1 2:49 35 15 0.00 2 7 17:57 SSE1003.78 51 13 28.6 37.2 14:00 22.1 3:18 36 14 0.00 2 7 16:45 SSE1003.63 57 14 29.0 37.9 13:34 22.1 6:23 36 14 0.00 1 6 15:12 SSE1005.02 58 15 30.0 38.3 11:35 23.6 5:54 35 15 0.00 1 5 9:39 NE1005.60 64 16 29.8 38.0 14:57 23.1 6:23 35 15 0.00 1 5 22:58 NE1004.74 58 17 29.3 37.3 13:19 23.2 23:59 43 12 0.00 1 7 13:34 S1005.19 54 18 29.1 37.4 11:00 20.6 5:07 36 14 0.00 2 8 12:38 S1003.27 50 19 29.8 38.4 11:22 22.1 5:01 35 15 0.00 1 26 5:53 SW1005.47 47 20 29.9 38.3 13:43 22.5 4:59 35 15 0.00 2 7 13:50 SW1008.84 48 21 30.8 39.4 11:21 23.9 6:07 34 16 0.00 2 8 16:27 S1008.93 49 22 29.4 36.6 13:33 25.0 23:39 36 14 0.00 1 6 4:55 ENE1005.29 58 23 29.5 36.6 13:13 24.6 23:44 36 14 0.00 2 10 16:10 S1003.60 58 24 30.3 38.9 10:56 23.2 5:33 35 15 0.00 1 7 14:55 S1003.36 56 25 30.9 39.1 10:42 22.9 6:23 34 16 0.00 2 6 16:14 SW1004.22 47 26 31.0 39.5 11:56 23.8 2:31 34 16 0.00 1 26 9:59 S1004.92 46 27 30.2 37.6 11:06 22.9 4:09 35 15 0.00 2 7 11:17 SSE1002.90 51 28 30.2 38.4 13:18 22.3 6:08 35 15 0.00 2 8 11:23 SW22966704.00 50 29 30.2 40.1 13:34 23.9 4:52 35 15 0.00 1 5 15:49 SW999.30 55 30 29.2 35.8 11:03 24.8 22:13 36 14 0.00 2 9 13:00 S999.20 62 31 25.6 34.1 11:35 21.4 22:13 39 11 2.10 2 7 14:44 NE997.81 62 --------------------------------------------------------------------------------------- TOT 29.4 40.1 29/8/10 20.3 2/8/10 1112 443 2.10 2 26 9/8/10 S741885.25 53 HEAT BASE: 65.0 COOL BASE: 15.0