NOAA-Style Climate Reports

Select a Year or Month report
2024: Gen Feb Mar Apr Mag Giu Lug Ago Set Ott Nov Dic
2023: Gen Feb Mar Apr Mag Giu Lug Ago Set Ott Nov Dic
2022: Gen Feb Mar Apr Mag Giu Lug Ago Set Ott Nov Dic
2021: Gen Feb Mar Apr Mag Giu Lug Ago Set Ott Nov Dic
2020: Gen Feb Mar Apr Mag Giu Lug Ago Set Ott Nov Dic
2019: Gen Feb Mar Apr Mag Giu Lug Ago Set Ott Nov Dic
2018: Gen Feb Mar Apr Mag Giu Lug Ago Set Ott Nov Dic
2017: Gen Feb Mar Apr Mag Giu Lug Ago Set Ott Nov Dic
2016: Gen Feb Mar Apr Mag Giu Lug Ago Set Ott Nov Dic
2015: Gen Feb Mar Apr Mag Giu Lug Ago Set Ott Nov Dic
2014: Gen Feb Mar Apr Mag Giu Lug Ago Set Ott Nov Dic
2013: Gen Feb Mar Apr Mag Giu Lug Ago Set Ott Nov Dic
2012: Gen Feb Mar Apr Mag Giu Lug Ago Set Ott Nov Dic
2011: Gen Feb Mar Apr Mag Giu Lug Ago Set Ott Nov Dic
2010: Gen Feb Mar Apr Mag Giu Lug Ago Set Ott Nov Dic
2009: Gen Feb Mar Apr Mag Giu Lug Ago Set Ott Nov Dic
2008: Gen Feb Mar Apr Mag Giu Lug Ago Set Ott Nov Dic
2007: Gen Feb Mar Apr Mag Giu Lug Ago Set Ott Nov Dic
2024: Gen Feb Mar Apr Mag Giu Lug Ago Set Ott Nov Dic
2023: Gen Feb Mar Apr Mag Giu Lug Ago Set Ott Nov Dic
2022: Gen Feb Mar Apr Mag Giu Lug Ago Set Ott Nov Dic
2021: Gen Feb Mar Apr Mag Giu Lug Ago Set Ott Nov Dic
2020: Gen Feb Mar Apr Mag Giu Lug Ago Set Ott Nov Dic
2019: Gen Feb Mar Apr Mag Giu Lug Ago Set Ott Nov Dic
2018: Gen Feb Mar Apr Mag Giu Lug Ago Set Ott Nov Dic
2017: Gen Feb Mar Apr Mag Giu Lug Ago Set Ott Nov Dic
2016: Gen Feb Mar Apr Mag Giu Lug Ago Set Ott Nov Dic
2015: Gen Feb Mar Apr Mag Giu Lug Ago Set Ott Nov Dic
2014: Gen Feb Mar Apr Mag Giu Lug Ago Set Ott Nov Dic
2013: Gen Feb Mar Apr Mag Giu Lug Ago Set Ott Nov Dic
2012: Gen Feb Mar Apr Mag Giu Lug Ago Set Ott Nov Dic
2011: Gen Feb Mar Apr Mag Giu Lug Ago Set Ott Nov Dic
2010: Gen Feb Mar Apr Mag Giu Lug Ago Set Ott Nov Dic
2009: Gen Feb Mar Apr Mag Giu Lug Ago Set Ott Nov Dic
2008: Gen Feb Mar Apr Mag Giu Lug Ago Set Ott Nov Dic
2007: Gen Feb Mar Apr Mag Giu Lug Ago Set Ott Nov Dic
Report for 2010 Luglio
MONTHLY CLIMATOLOGICAL SUMMARY FOR 7/2010 HEAT COOL MEAN DEG DEG WIND SPEED DOM MEAN MEAN DAY TEMP HIGH TIME LOW TIME DAYS DAYS RAIN AVG HI TIME DIR BAROM HUM --------------------------------------------------------------------------------------- 1 28.0 37.9 11:47 20.5 3:24 37 13 0.00 2 8 17:14 S1004.41 48 2 28.0 37.6 13:16 21.0 1:38 37 13 0.00 2 7 15:57 S1004.90 51 3 29.2 38.6 13:39 21.3 3:25 36 14 0.00 2 7 17:45 S1005.04 51 4 29.6 37.0 10:18 22.2 1:10 35 15 0.00 2 7 13:48 S1005.79 49 5 30.2 38.6 13:29 22.4 5:53 35 15 0.00 2 9 18:26 S1005.20 44 6 29.5 38.8 14:09 20.0 7:26 36 14 0.00 1 4 7:35 ENE1003.98 50 7 30.0 39.4 11:47 22.6 4:32 35 15 0.00 2 8 13:21 S1005.58 51 8 26.8 31.6 17:49 22.4 3:37 36 11 0.00 1 6 11:51 ENE1008.22 56 9 27.4 35.9 12:23 21.3 4:49 38 12 0.00 2 8 14:08 S1008.98 60 10 28.2 36.7 13:30 21.1 6:11 37 13 0.00 2 10 16:19 S1008.11 52 11 27.0 35.4 16:00 20.5 3:49 38 12 0.00 1 5 18:07 SW1007.53 54 12 27.0 35.4 15:54 20.5 5:44 38 12 0.00 1 5 18:02 NE1006.32 60 13 28.9 37.7 12:51 21.1 3:25 36 14 0.00 1 6 17:52 SSE1004.41 51 14 30.4 38.6 11:16 22.3 4:08 35 15 0.00 2 8 17:02 S1003.32 47 15 31.5 40.1 11:18 22.4 4:16 34 16 0.00 1 6 18:24 SSE1002.47 45 16 30.6 41.9 13:19 23.9 3:36 27 12 0.00 1 6 16:21 S1003.54 46 17 31.3 39.9 13:11 26.1 1:38 34 16 0.00 2 8 19:00 S1004.79 54 18 32.3 40.3 11:53 24.8 2:49 33 17 0.00 2 6 11:42 S1003.59 52 19 28.9 35.1 18:00 24.3 23:57 36 14 0.00 2 10 16:19 NE1004.17 54 20 29.4 37.8 13:58 22.5 5:39 36 14 0.00 1 5 15:15 SW1003.84 56 21 30.7 38.8 12:01 23.4 4:27 34 16 0.00 2 7 18:18 S22998250.00 58 22 31.0 39.3 12:15 23.5 6:03 34 16 0.00 1 7 14:04 S1004.14 59 23 31.7 41.2 12:14 23.8 3:20 33 17 0.00 1 6 13:58 S1004.52 53 24 32.4 43.0 11:55 24.9 1:02 33 17 0.00 1 7 14:54 S999.39 42 25 28.8 35.9 13:31 22.6 4:29 36 14 0.00 1 7 14:23 SSE996.44 49 26 25.5 35.3 12:11 20.1 23:29 40 10 18.60 1 7 15:40 SW997.91 62 27 26.2 33.6 16:50 20.1 6:06 39 11 5.70 1 6 11:12 NW1003.38 59 28 27.9 36.8 10:25 20.6 6:21 37 13 0.00 1 5 18:39 SW1006.95 50 29 27.3 35.9 13:36 19.4 4:58 38 12 0.00 2 8 19:12 SW1003.81 58 30 29.0 36.9 11:32 20.9 4:25 36 14 0.00 2 9 16:41 S1000.80 51 31 28.6 35.5 13:05 22.1 4:52 36 14 0.00 1 7 16:53 SSE1002.07 50 --------------------------------------------------------------------------------------- TOT 29.1 43.0 24/7/10 19.4 29/7/10 1101 434 24.30 1 10 10/7/10 S748632.06 52 HEAT BASE: 65.0 COOL BASE: 15.0