NOAA-Style Climate Reports

Select a Year or Month report
2024: Gen Feb Mar Apr Mag Giu Lug Ago Set Ott Nov Dic
2023: Gen Feb Mar Apr Mag Giu Lug Ago Set Ott Nov Dic
2022: Gen Feb Mar Apr Mag Giu Lug Ago Set Ott Nov Dic
2021: Gen Feb Mar Apr Mag Giu Lug Ago Set Ott Nov Dic
2020: Gen Feb Mar Apr Mag Giu Lug Ago Set Ott Nov Dic
2019: Gen Feb Mar Apr Mag Giu Lug Ago Set Ott Nov Dic
2018: Gen Feb Mar Apr Mag Giu Lug Ago Set Ott Nov Dic
2017: Gen Feb Mar Apr Mag Giu Lug Ago Set Ott Nov Dic
2016: Gen Feb Mar Apr Mag Giu Lug Ago Set Ott Nov Dic
2015: Gen Feb Mar Apr Mag Giu Lug Ago Set Ott Nov Dic
2014: Gen Feb Mar Apr Mag Giu Lug Ago Set Ott Nov Dic
2013: Gen Feb Mar Apr Mag Giu Lug Ago Set Ott Nov Dic
2012: Gen Feb Mar Apr Mag Giu Lug Ago Set Ott Nov Dic
2011: Gen Feb Mar Apr Mag Giu Lug Ago Set Ott Nov Dic
2010: Gen Feb Mar Apr Mag Giu Lug Ago Set Ott Nov Dic
2009: Gen Feb Mar Apr Mag Giu Lug Ago Set Ott Nov Dic
2008: Gen Feb Mar Apr Mag Giu Lug Ago Set Ott Nov Dic
2007: Gen Feb Mar Apr Mag Giu Lug Ago Set Ott Nov Dic
2024: Gen Feb Mar Apr Mag Giu Lug Ago Set Ott Nov Dic
2023: Gen Feb Mar Apr Mag Giu Lug Ago Set Ott Nov Dic
2022: Gen Feb Mar Apr Mag Giu Lug Ago Set Ott Nov Dic
2021: Gen Feb Mar Apr Mag Giu Lug Ago Set Ott Nov Dic
2020: Gen Feb Mar Apr Mag Giu Lug Ago Set Ott Nov Dic
2019: Gen Feb Mar Apr Mag Giu Lug Ago Set Ott Nov Dic
2018: Gen Feb Mar Apr Mag Giu Lug Ago Set Ott Nov Dic
2017: Gen Feb Mar Apr Mag Giu Lug Ago Set Ott Nov Dic
2016: Gen Feb Mar Apr Mag Giu Lug Ago Set Ott Nov Dic
2015: Gen Feb Mar Apr Mag Giu Lug Ago Set Ott Nov Dic
2014: Gen Feb Mar Apr Mag Giu Lug Ago Set Ott Nov Dic
2013: Gen Feb Mar Apr Mag Giu Lug Ago Set Ott Nov Dic
2012: Gen Feb Mar Apr Mag Giu Lug Ago Set Ott Nov Dic
2011: Gen Feb Mar Apr Mag Giu Lug Ago Set Ott Nov Dic
2010: Gen Feb Mar Apr Mag Giu Lug Ago Set Ott Nov Dic
2009: Gen Feb Mar Apr Mag Giu Lug Ago Set Ott Nov Dic
2008: Gen Feb Mar Apr Mag Giu Lug Ago Set Ott Nov Dic
2007: Gen Feb Mar Apr Mag Giu Lug Ago Set Ott Nov Dic
Report for 2008 Luglio
MONTHLY CLIMATOLOGICAL SUMMARY FOR 7/2008 HEAT COOL MEAN DEG DEG WIND SPEED DOM MEAN MEAN DAY TEMP HIGH TIME LOW TIME DAYS DAYS RAIN AVG HI TIME DIR BAROM HUM --------------------------------------------------------------------------------------- 1 30.0 40.1 13:11 24.1 3:36 34 15 0.00 0 6 18:40 S1006.53 50 2 30.6 39.3 11:34 23.6 1:12 35 16 0.00 1 7 13:38 S1005.98 47 3 29.4 38.6 12:39 22.8 5:52 35 14 0.00 1 8 19:17 S1005.65 52 4 31.7 40.8 14:58 22.1 5:26 33 17 0.00 1 8 17:40 S1004.86 44 5 30.9 39.5 11:48 22.6 5:27 34 16 0.00 1 8 13:18 S1003.58 46 6 30.9 39.5 13:13 21.1 4:47 34 16 0.00 1 9 19:38 SSW1005.60 44 7 28.8 35.9 11:15 22.1 5:27 36 14 0.00 2 10 15:04 S1006.56 55 8 31.7 41.5 11:36 23.2 2:22 33 17 0.00 1 5 4:09 S1005.20 49 9 31.3 39.1 12:58 24.6 22:28 34 16 0.00 2 8 14:00 S1006.26 40 10 29.6 38.8 11:41 21.9 23:42 36 15 0.00 2 8 18:32 S1006.99 40 11 27.9 36.5 14:37 20.8 3:55 37 13 0.00 2 6 18:16 NE9979869.00 45 12 27.8 36.3 13:52 20.3 4:53 37 13 0.00 2 9 18:09 S9979859.00 50 13 0.0 33.4 17:08 33.4 17:08 0 0 0.00 0 6 17:08 --- 0.00 0 14 27.9 33.7 17:41 25.2 23:25 11 4 0.00 1 6 17:15 SSW1008.07 71 15 29.3 36.7 11:08 22.1 23:59 36 14 0.00 2 9 13:27 SSW79966808.00 59 16 27.4 35.9 12:09 20.1 4:54 38 12 0.00 1 6 14:00 SSE1010.81 50 17 28.0 35.9 11:29 19.1 5:39 37 13 0.00 2 8 18:13 S1007.72 51 18 29.7 38.7 14:59 21.1 5:53 35 15 0.00 1 8 17:46 SW1005.01 44 19 30.7 38.6 11:29 23.9 2:51 34 16 0.00 1 5 14:41 S1006.21 47 20 29.5 37.2 13:19 21.5 3:29 36 14 0.00 1 8 16:32 S1007.59 44 21 29.7 37.6 12:16 22.2 3:00 35 15 0.00 2 7 12:22 S19991842.00 47 22 30.2 38.8 13:22 23.1 22:43 35 15 0.00 1 6 14:14 S1001.53 43 23 24.9 30.5 16:34 20.0 23:52 40 10 1.00 1 5 17:38 ENE1005.50 55 24 25.5 32.4 10:08 18.2 4:54 40 10 0.00 1 11 10:07 SW10003803.00 44 25 27.6 34.9 16:10 19.5 6:19 38 13 0.00 1 6 16:46 S1004.37 46 26 28.2 36.8 15:54 20.6 4:26 37 13 0.00 1 5 17:10 NE1002.94 47 27 28.9 36.5 14:09 20.9 4:31 36 14 0.00 1 5 14:39 SSE1003.38 50 28 29.2 37.0 12:03 21.5 5:40 36 14 0.00 2 6 15:18 S1005.06 51 29 29.1 37.4 12:35 22.4 3:15 36 14 0.00 1 5 18:14 S1007.12 50 30 28.2 36.1 15:08 22.0 3:15 37 13 0.00 1 6 15:44 NE1008.87 49 31 31.1 40.9 12:23 23.2 1:41 34 16 0.00 1 6 13:08 SSE9996856.00 40 --------------------------------------------------------------------------------------- TOT 29.2 41.5 8/7/08 18.2 24/7/08 1047 415 1.00 1 12 13/7/08 S5337143.00 48 HEAT BASE: 65.0 COOL BASE: 15.0